{"id":2908,"date":"2020-01-05T20:58:33","date_gmt":"2020-01-05T20:58:33","guid":{"rendered":"https:\/\/kolver-turkiye.com\/?post_type=product&#038;p=2908"},"modified":"2025-12-09T18:56:30","modified_gmt":"2025-12-09T18:56:30","slug":"k-ducer-serisi-endustri-4-0","status":"publish","type":"product","link":"https:\/\/kolver-turkiye.com\/?product=k-ducer-serisi-endustri-4-0","title":{"rendered":"K-DUCER Serisi |\u00a0End\u00fcstri 4.0"},"content":{"rendered":"<p>K-DUCER, 1989&#8217;dan beri elektrikli alet \u00f6nc\u00fcs\u00fc Kolver&#8217;in yeni A s\u0131n\u0131f\u0131 ak\u0131ll\u0131 transd\u00fcserle\u015ftirilmi\u015f montaj sistemidir. Sistem,<br \/>\ngeli\u015fmi\u015f bir kontrol\u00f6rden ve 15 Nm&#8217;ye kadar torka sahip bir dizi el tipi ve sabitlenmi\u015f elektrikli tornavidadan olu\u015fur. yak\u0131nda 50 Nm&#8217;ye kadar geni\u015fletilebilir).<\/p>\n<p><strong>KDS SCREWDRIVERS<\/strong><br \/>\nKOLVER KDS transd\u00fcksiyonlu elektrikli aletler, do\u011fru, y\u00fcksek kaliteli tork ve a\u00e7\u0131 kontroll\u00fc s\u0131kma i\u00e7in t\u00fcm montaj hatt\u0131 gereksinimlerini kar\u015f\u0131lar.<br \/>\nDahili kompakt d\u00f6n\u00fc\u015ft\u00fcr\u00fcc\u00fc, m\u00fckemmel tekrarlanabilirlik ile tork kontrol\u00fc sa\u011flar.<\/p>\n<p><span class=\"st\">Ur<\/span>\u00a0E\u015fsiz ergonomi ve yumu\u015fak dokunu\u015flu tasar\u0131m<br \/>\n<span class=\"st\">\u2713<\/span>\u00a0LED Durum G\u00f6stergeleri (tamam, hata, s\u0131kma vb.)<br \/>\n<span class=\"st\">\u2713<\/span>\u00a0S\u0131cakl\u0131k korumas\u0131<br \/>\n<span class=\"st\">\u2713<\/span>\u00a0Tam izlenebilirlik ve hata \u00f6nleme \u00f6zellikleri: End\u00fcstri 4.0 ile% 100 uyumlu<\/p>\n<p>D\u00fcz, tabanca ve fikst\u00fcr yap\u0131land\u0131rmas\u0131nda mevcuttur.<\/p>\n<p><strong>KDU-1 G\u00dc\u00c7 \u00dcN\u0130TES\u0130 VE KONTROL C\u0130HAZI<\/strong><br \/>\nKDU-1 Serisi kontrol\u00f6rler, end\u00fcstri lideri kompakt boyutta sabitleme i\u015fleminiz \u00fczerinde tam kontrol sa\u011flar.<\/p>\n<p><span class=\"st\">\u2713<\/span>\u00a0dokunun renkli ekran<br \/>\n<span class=\"st\">\u2713<\/span>\u00a0\u00c7oklu programlar ve diziler<br \/>\n<span class=\"st\">\u2713<\/span>\u00a0sezgisel programlama arabirimi<br \/>\n<span class=\"st\">\u2713<\/span>\u00a0Hassas tork ve a\u00e7\u0131 kontrol<br \/>\n<span class=\"st\">\u2713<\/span>\u00a0Grafikler \u00e7\u0131k\u0131\u015f<br \/>\n<span class=\"st\">\u2713<\/span>\u00a0end\u00fcstriyel 4.0 ile m\u00fckemmel uyum<\/p>\n<p>KDU-1 birimleri e\u015fsiz performans ve de\u011fer sa\u011flar.<br \/>\nKurulum ve kullan\u0131m ger\u00e7ekten kolay bir i\u015ftir.<\/p>\n<p>G\u00fc\u00e7 \u00fcnitesi, gerekli i\u015flevsellik d\u00fczeyine ba\u011fl\u0131 olarak iki s\u00fcr\u00fcm halinde gelir.<br \/>\nKDU-1 temel \u00fcnitesi toplam i\u015f se\u00e7eneklerine sahiptir ve seri ve USB ba\u011flant\u0131 noktalar\u0131n\u0131 i\u00e7erir.<br \/>\nBuna ek olarak, KDU-1A geli\u015fmi\u015f kontrol\u00f6rleri se\u00e7ti\u011finiz herhangi bir ileti\u015fim sistemini kullanarak tam ileti\u015fim yetene\u011fine sahiptir.<br \/>\nBirimler, dokunmatik ekran veya bir PC yaz\u0131l\u0131m\u0131 arac\u0131l\u0131\u011f\u0131yla programlanabilir.\u00a0KDU denetleyicileri t\u00fcm KDS Serisi ara\u00e7lar\u0131n\u0131 \u00e7al\u0131\u015ft\u0131racakt\u0131r.<\/p>\n<p>\u00d6NEML\u0130: Tork aral\u0131\u011f\u0131n\u0131n% 80&#8217;inden fazla s\u00fcrekli kullan\u0131lmas\u0131 \u00f6nerilmez.<\/p>\n<p>&nbsp;<\/p>\n<table>\n<thead class=\"hidden-xs hidden-sm\">\n<tr>\n<th>model<\/th>\n<th>kod<\/th>\n<th>Tork Nm<\/th>\n<th>Maks RPM<\/th>\n<th>A\u011f\u0131rl\u0131k (kg)<\/th>\n<th>Uzunluk mm<\/th>\n<th>\u00c7al\u0131\u015fma Tipi<\/th>\n<\/tr>\n<\/thead>\n<tbody>\n<tr>\n<td>KDS-PL6<br \/>\n<a href=\"https:\/\/kolver.it\/upl\/Dimensional%20drawing%20KDS-D.PDF\" target=\"_blank\" rel=\"noopener noreferrer\"><img loading=\"lazy\" title=\"Teknik \u00e7izim KDS-D\" src=\"https:\/\/kolver.it\/images\/icons\/acrobat_icon.gif\" alt=\"Teknik \u00e7izim KDS-D\" width=\"16\" height=\"16\" \/><\/a>\u00a0<a href=\"https:\/\/kolver.it\/upl\/K-DUCER%20%2020190805%20ENG%20(1).pdf\" target=\"_blank\" rel=\"noopener noreferrer\"><img loading=\"lazy\" title=\"K-DUCER K\u0131lavuzu\" src=\"https:\/\/kolver.it\/images\/icons\/acrobat_icon.gif\" alt=\"K-DUCER K\u0131lavuzu\" width=\"16\" height=\"16\" \/><\/a><\/td>\n<td>135006<\/td>\n<td>0,5 &#8211; 6,0<\/td>\n<td>850<\/td>\n<td>0.7<\/td>\n<td>251<\/td>\n<td>D\u00fcz<\/td>\n<\/tr>\n<tr>\n<td>KDS-PL6P<br \/>\n<a href=\"https:\/\/kolver.it\/upl\/Dimensional%20drawing%20KDS-P.PDF\" target=\"_blank\" rel=\"noopener noreferrer\"><img loading=\"lazy\" title=\"Teknik \u00e7izim KDS-P\" src=\"https:\/\/kolver.it\/images\/icons\/acrobat_icon.gif\" alt=\"Teknik \u00e7izim KDS-P\" width=\"16\" height=\"16\" \/><\/a>\u00a0<a href=\"https:\/\/kolver.it\/upl\/K-DUCER%20%2020190805%20ENG%20(1).pdf\" target=\"_blank\" rel=\"noopener noreferrer\"><img loading=\"lazy\" title=\"K-DUCER K\u0131lavuzu\" src=\"https:\/\/kolver.it\/images\/icons\/acrobat_icon.gif\" alt=\"K-DUCER K\u0131lavuzu\" width=\"16\" height=\"16\" \/><\/a><\/td>\n<td>135007<\/td>\n<td>0,5 &#8211; 6,0<\/td>\n<td>850<\/td>\n<td>0.7<\/td>\n<td>196<\/td>\n<td>Kabzal\u0131<\/td>\n<\/tr>\n<tr>\n<td>KDS-PL6CA<br \/>\n<a href=\"https:\/\/kolver.it\/upl\/Dimensional%20drawing%20KDS-CA.PDF\" target=\"_blank\" rel=\"noopener noreferrer\"><img loading=\"lazy\" title=\"Teknik \u00e7izim KDS-CA\" src=\"https:\/\/kolver.it\/images\/icons\/acrobat_icon.gif\" alt=\"Teknik \u00e7izim KDS-CA\" width=\"16\" height=\"16\" \/><\/a>\u00a0<a href=\"https:\/\/kolver.it\/upl\/K-DUCER%20%2020190805%20ENG%20(1).pdf\" target=\"_blank\" rel=\"noopener noreferrer\"><img loading=\"lazy\" title=\"K-DUCER K\u0131lavuzu\" src=\"https:\/\/kolver.it\/images\/icons\/acrobat_icon.gif\" alt=\"K-DUCER K\u0131lavuzu\" width=\"16\" height=\"16\" \/><\/a><\/td>\n<td>135106<\/td>\n<td>0,5 &#8211; 6,0<\/td>\n<td>850<\/td>\n<td>0.9<\/td>\n<td>250<\/td>\n<td>Otomasyon<\/td>\n<\/tr>\n<tr>\n<td>KDS-PL6CA \/ FN<br \/>\n<a href=\"https:\/\/kolver.it\/upl\/K-DUCER%20%2020190805%20ENG%20(1).pdf\" target=\"_blank\" rel=\"noopener noreferrer\"><img loading=\"lazy\" title=\"K-DUCER K\u0131lavuzu\" src=\"https:\/\/kolver.it\/images\/icons\/acrobat_icon.gif\" alt=\"K-DUCER K\u0131lavuzu\" width=\"16\" height=\"16\" \/><\/a><\/td>\n<td>135.106 \/ FN<\/td>\n<td>0,5 &#8211; 6,0<\/td>\n<td>850<\/td>\n<td>0.9<\/td>\n<td>&#8211;<\/td>\n<td>Otomasyon<\/td>\n<\/tr>\n<tr>\n<td>KDS-PL10<br \/>\n<a href=\"https:\/\/kolver.it\/upl\/Dimensional%20drawing%20KDS-D.PDF\" target=\"_blank\" rel=\"noopener noreferrer\"><img loading=\"lazy\" title=\"Teknik \u00e7izim KDS-D\" src=\"https:\/\/kolver.it\/images\/icons\/acrobat_icon.gif\" alt=\"Teknik \u00e7izim KDS-D\" width=\"16\" height=\"16\" \/><\/a>\u00a0<a href=\"https:\/\/kolver.it\/upl\/K-DUCER%20%2020190805%20ENG%20(1).pdf\" target=\"_blank\" rel=\"noopener noreferrer\"><img loading=\"lazy\" title=\"K-DUCER K\u0131lavuzu\" src=\"https:\/\/kolver.it\/images\/icons\/acrobat_icon.gif\" alt=\"K-DUCER K\u0131lavuzu\" width=\"16\" height=\"16\" \/><\/a><\/td>\n<td>135010<\/td>\n<td>0,8 &#8211; 10<\/td>\n<td>600<\/td>\n<td>0.7<\/td>\n<td>251<\/td>\n<td>D\u00fcz<\/td>\n<\/tr>\n<tr>\n<td>KDS-PL10P<br \/>\n<a href=\"https:\/\/kolver.it\/upl\/Dimensional%20drawing%20KDS-P.PDF\" target=\"_blank\" rel=\"noopener noreferrer\"><img loading=\"lazy\" title=\"Teknik \u00e7izim KDS-P\" src=\"https:\/\/kolver.it\/images\/icons\/acrobat_icon.gif\" alt=\"Teknik \u00e7izim KDS-P\" width=\"16\" height=\"16\" \/><\/a>\u00a0<a href=\"https:\/\/kolver.it\/upl\/K-DUCER%20%2020190805%20ENG%20(1).pdf\" target=\"_blank\" rel=\"noopener noreferrer\"><img loading=\"lazy\" title=\"K-DUCER K\u0131lavuzu\" src=\"https:\/\/kolver.it\/images\/icons\/acrobat_icon.gif\" alt=\"K-DUCER K\u0131lavuzu\" width=\"16\" height=\"16\" \/><\/a><\/td>\n<td>135011<\/td>\n<td>0,8 &#8211; 10<\/td>\n<td>600<\/td>\n<td>0.7<\/td>\n<td>196<\/td>\n<td>Kabzal\u0131<\/td>\n<\/tr>\n<tr>\n<td>KDS-PL10CA<br \/>\n<a href=\"https:\/\/kolver.it\/upl\/Dimensional%20drawing%20KDS-CA.PDF\" target=\"_blank\" rel=\"noopener noreferrer\"><img loading=\"lazy\" title=\"Teknik \u00e7izim KDS-CA\" src=\"https:\/\/kolver.it\/images\/icons\/acrobat_icon.gif\" alt=\"Teknik \u00e7izim KDS-CA\" width=\"16\" height=\"16\" \/><\/a>\u00a0<a href=\"https:\/\/kolver.it\/upl\/K-DUCER%20%2020190805%20ENG%20(1).pdf\" target=\"_blank\" rel=\"noopener noreferrer\"><img loading=\"lazy\" title=\"K-DUCER K\u0131lavuzu\" src=\"https:\/\/kolver.it\/images\/icons\/acrobat_icon.gif\" alt=\"K-DUCER K\u0131lavuzu\" width=\"16\" height=\"16\" \/><\/a><\/td>\n<td>135110<\/td>\n<td>0,8 &#8211; 10<\/td>\n<td>600<\/td>\n<td>0.9<\/td>\n<td>250<\/td>\n<td>Otomasyon<\/td>\n<\/tr>\n<tr>\n<td>KDS-PL10CA \/ FN<br \/>\n<a href=\"https:\/\/kolver.it\/upl\/K-DUCER%20%2020190805%20ENG%20(1).pdf\" target=\"_blank\" rel=\"noopener noreferrer\"><img loading=\"lazy\" title=\"K-DUCER K\u0131lavuzu\" src=\"https:\/\/kolver.it\/images\/icons\/acrobat_icon.gif\" alt=\"K-DUCER K\u0131lavuzu\" width=\"16\" height=\"16\" \/><\/a><\/td>\n<td>135.110 \/ FN<\/td>\n<td>0,8 &#8211; 10<\/td>\n<td>600<\/td>\n<td>0.9<\/td>\n<td>&#8211;<\/td>\n<td>Otomasyon<\/td>\n<\/tr>\n<tr>\n<td>KDS-PL15<br \/>\n<a href=\"https:\/\/kolver.it\/upl\/Dimensional%20drawing%20KDS-D.PDF\" target=\"_blank\" rel=\"noopener noreferrer\"><img loading=\"lazy\" title=\"Teknik \u00e7izim KDS-D\" src=\"https:\/\/kolver.it\/images\/icons\/acrobat_icon.gif\" alt=\"Teknik \u00e7izim KDS-D\" width=\"16\" height=\"16\" \/><\/a>\u00a0<a href=\"https:\/\/kolver.it\/upl\/K-DUCER%20%2020190805%20ENG%20(1).pdf\" target=\"_blank\" rel=\"noopener noreferrer\"><img loading=\"lazy\" title=\"K-DUCER K\u0131lavuzu\" src=\"https:\/\/kolver.it\/images\/icons\/acrobat_icon.gif\" alt=\"K-DUCER K\u0131lavuzu\" width=\"16\" height=\"16\" \/><\/a><\/td>\n<td>135015<\/td>\n<td>0,5 &#8211; 15<\/td>\n<td>320<\/td>\n<td>0.7<\/td>\n<td>251<\/td>\n<td>D\u00fcz<\/td>\n<\/tr>\n<tr>\n<td>KDS-PL15P<br \/>\n<a href=\"https:\/\/kolver.it\/upl\/Dimensional%20drawing%20KDS-P.PDF\" target=\"_blank\" rel=\"noopener noreferrer\"><img loading=\"lazy\" title=\"Teknik \u00e7izim KDS-P\" src=\"https:\/\/kolver.it\/images\/icons\/acrobat_icon.gif\" alt=\"Teknik \u00e7izim KDS-P\" width=\"16\" height=\"16\" \/><\/a>\u00a0<a href=\"https:\/\/kolver.it\/upl\/K-DUCER%20%2020190805%20ENG%20(1).pdf\" target=\"_blank\" rel=\"noopener noreferrer\"><img loading=\"lazy\" title=\"K-DUCER K\u0131lavuzu\" src=\"https:\/\/kolver.it\/images\/icons\/acrobat_icon.gif\" alt=\"K-DUCER K\u0131lavuzu\" width=\"16\" height=\"16\" \/><\/a><\/td>\n<td>135016<\/td>\n<td>0,5 &#8211; 15<\/td>\n<td>320<\/td>\n<td>0.7<\/td>\n<td>196<\/td>\n<td>Kabzal\u0131<\/td>\n<\/tr>\n<tr>\n<td>KDS-PL15CA<br \/>\n<a href=\"https:\/\/kolver.it\/upl\/Dimensional%20drawing%20KDS-CA.PDF\" target=\"_blank\" rel=\"noopener noreferrer\"><img loading=\"lazy\" title=\"Teknik \u00e7izim KDS-CA\" src=\"https:\/\/kolver.it\/images\/icons\/acrobat_icon.gif\" alt=\"Teknik \u00e7izim KDS-CA\" width=\"16\" height=\"16\" \/><\/a>\u00a0<a href=\"https:\/\/kolver.it\/upl\/K-DUCER%20%2020190805%20ENG%20(1).pdf\" target=\"_blank\" rel=\"noopener noreferrer\"><img loading=\"lazy\" title=\"K-DUCER K\u0131lavuzu\" src=\"https:\/\/kolver.it\/images\/icons\/acrobat_icon.gif\" alt=\"K-DUCER K\u0131lavuzu\" width=\"16\" height=\"16\" \/><\/a><\/td>\n<td>135115<\/td>\n<td>0,5 &#8211; 15<\/td>\n<td>320<\/td>\n<td>0.9<\/td>\n<td>250<\/td>\n<td>Otomasyon<\/td>\n<\/tr>\n<tr>\n<td>KDS-PL15CA \/ FN<br \/>\n<a href=\"https:\/\/kolver.it\/upl\/K-DUCER%20%2020190805%20ENG%20(1).pdf\" target=\"_blank\" rel=\"noopener noreferrer\"><img loading=\"lazy\" title=\"K-DUCER K\u0131lavuzu\" src=\"https:\/\/kolver.it\/images\/icons\/acrobat_icon.gif\" alt=\"K-DUCER K\u0131lavuzu\" width=\"16\" height=\"16\" \/><\/a><\/td>\n<td>135.115 \/ FN<\/td>\n<td>0,5 &#8211; 15<\/td>\n<td>320<\/td>\n<td>0.9<\/td>\n<td>&#8211;<\/td>\n<td>Otomasyon<\/td>\n<\/tr>\n<\/tbody>\n<\/table>\n","protected":false},"excerpt":{"rendered":"<div class=\"column_attr\"><a class=\"button button_left button_blue button_js kill_the_icon\" href=\"https:\/\/kolver.it\/upl\/K-DUCER%20%2020190805%20ENG.pdf\" target=\"_blank\" rel=\"noopener noreferrer\"><span class=\"button_label\">K-DUCER KILAVUZU<\/span><\/a><br \/>\n<a class=\"button button_left button_blue button_js kill_the_icon\" href=\"https:\/\/kolver.it\/upl\/KDU1-Comparative%20Chart.pdf\" target=\"_blank\" rel=\"noopener noreferrer\"><i class=\"icon-chart-line\"><\/i><span class=\"button_label\">KDU1-KAR\u015eILA\u015eTIRMALI GRAF\u0130K<\/span><\/a><\/div>\n","protected":false},"featured_media":2909,"comment_status":"open","ping_status":"closed","template":"","meta":[],"product_cat":[15],"product_tag":[],"_links":{"self":[{"href":"https:\/\/kolver-turkiye.com\/index.php?rest_route=\/wp\/v2\/product\/2908"}],"collection":[{"href":"https:\/\/kolver-turkiye.com\/index.php?rest_route=\/wp\/v2\/product"}],"about":[{"href":"https:\/\/kolver-turkiye.com\/index.php?rest_route=\/wp\/v2\/types\/product"}],"replies":[{"embeddable":true,"href":"https:\/\/kolver-turkiye.com\/index.php?rest_route=%2Fwp%2Fv2%2Fcomments&post=2908"}],"wp:featuredmedia":[{"embeddable":true,"href":"https:\/\/kolver-turkiye.com\/index.php?rest_route=\/wp\/v2\/media\/2909"}],"wp:attachment":[{"href":"https:\/\/kolver-turkiye.com\/index.php?rest_route=%2Fwp%2Fv2%2Fmedia&parent=2908"}],"wp:term":[{"taxonomy":"product_cat","embeddable":true,"href":"https:\/\/kolver-turkiye.com\/index.php?rest_route=%2Fwp%2Fv2%2Fproduct_cat&post=2908"},{"taxonomy":"product_tag","embeddable":true,"href":"https:\/\/kolver-turkiye.com\/index.php?rest_route=%2Fwp%2Fv2%2Fproduct_tag&post=2908"}],"curies":[{"name":"wp","href":"https:\/\/api.w.org\/{rel}","templated":true}]}}