{"id":2906,"date":"2020-01-05T20:54:43","date_gmt":"2020-01-05T20:54:43","guid":{"rendered":"https:\/\/kolver-turkiye.com\/?post_type=product&#038;p=2906"},"modified":"2025-03-10T08:24:07","modified_gmt":"2025-03-10T08:24:07","slug":"reaksiyon-kollari-ve-konumlandirma-sistemleri","status":"publish","type":"product","link":"https:\/\/kolver-turkiye.com\/?product=reaksiyon-kollari-ve-konumlandirma-sistemleri","title":{"rendered":"Reaksiyon Kollar\u0131 ve Konumland\u0131rma Sistemleri"},"content":{"rendered":"<p>Tork reaksiyon kollar\u0131, tornavidalar\u0131n \u00f6nceden ayarlanm\u0131\u015f torkta (50 Nm&#8217;ye kadar) durduklar\u0131nda \u00fcretti\u011fi reaksiyonu ortadan kald\u0131rmak i\u00e7in tasarlanm\u0131\u015ft\u0131r.\u00a0Karbon (CAR) kollar, karbon yap\u0131lar\u0131 sayesinde daha hafif ve daha dayan\u0131kl\u0131d\u0131r.<\/p>\n<p>ARA\u00c7, LINAR kollar\u0131 ve SAR XYZ, sadece tornavida do\u011fru vidaya yerle\u015ftirildi\u011finde \u00e7al\u0131\u015fmay\u0131 sa\u011flayan TLS1 konumland\u0131rma sistemi ile de mevcuttur.\u00a0Sistem, kodlay\u0131c\u0131 ve do\u011frusal \u00f6l\u00e7\u00fcm sens\u00f6rl\u00fc bir tork reaksiyon kolu + Kolay programlama ve izleme i\u00e7in TLS1 Tu\u015f Tak\u0131m\u0131 + kod 260004 (EDU2AE modelleri ve EDU1BL \/ SG i\u00e7in) ve kod 260003 (EDU1FR \/ SG i\u00e7in) aras\u0131nda se\u00e7ilecek kablodan olu\u015fur.<\/p>\n<p>KOLVER taraf\u0131ndan \u0130talya&#8217;da% 100 \u00fcretilmi\u015ftir<\/p>\n<p>PLUTO35 ve PLUTO50 tornavidalar\u0131m\u0131z i\u00e7in bir \u00e7ap k\u00fc\u00e7\u00fcltme adapt\u00f6r\u00fc (kod 234545) mevcuttur (<span class=\"st\">\u00d8D<\/span>\u00a057mm).<\/p>\n<p>&nbsp;<\/p>\n<table>\n<thead class=\"hidden-xs hidden-sm\">\n<tr>\n<th>model<\/th>\n<th>kod<\/th>\n<th>\u00d6zellikleri<\/th>\n<\/tr>\n<\/thead>\n<tbody>\n<tr>\n<td>PA2KOL Tork Reaksiyon Kolu<br \/>\n<a href=\"https:\/\/kolver.it\/upl\/PA2KOL%20eng.pdf\" target=\"_blank\" rel=\"noopener noreferrer\"><img loading=\"lazy\" title=\"PA2KOL tur\" src=\"https:\/\/kolver.it\/images\/icons\/acrobat_icon.gif\" alt=\"PA2KOL tur\" width=\"16\" height=\"16\" \/><\/a><\/td>\n<td>010600<\/td>\n<td>Tork reaksiyon kollar\u0131 PA2KOL, \u00f6nceden ayarlanm\u0131\u015f torkta durduklar\u0131nda tornavidalar\u0131n olu\u015fturdu\u011fu reaksiyonu ortadan kald\u0131rmak i\u00e7in tasarlanm\u0131\u015ft\u0131r.\u00a0PA2KOL standart olarak masa montaj\u0131 ile teslim edilir (istek \u00fczerine duvara montaj).<\/td>\n<\/tr>\n<tr>\n<td>PA7KOL Tork Reaksiyon Kolu<br \/>\n<a href=\"https:\/\/kolver.it\/upl\/KOL%20Reaction%20Arms.pdf\" target=\"_blank\" rel=\"noopener noreferrer\"><img loading=\"lazy\" title=\"KOL Reaksiyon Kollar\u0131\" src=\"https:\/\/kolver.it\/images\/icons\/acrobat_icon.gif\" alt=\"KOL Reaksiyon Kollar\u0131\" width=\"16\" height=\"16\" \/><\/a><\/td>\n<td>010602<\/td>\n<td>Tork reaksiyon kollar\u0131 PA7KOL, \u00f6nceden ayarlanm\u0131\u015f torkta durdu\u011funda tornavidalar\u0131n olu\u015fturdu\u011fu reaksiyonu ortadan kald\u0131rmak i\u00e7in tasarlanm\u0131\u015ft\u0131r.\u00a0Maks 75 Nm.\u00a0PA7KOL standart destek ve tak\u0131m tutucu ile birlikte verilir.<\/td>\n<\/tr>\n<tr>\n<td>PS7KOL Tork Reaksiyon Kolu<br \/>\n<a href=\"https:\/\/kolver.it\/upl\/KOL%20Reaction%20Arms.pdf\" target=\"_blank\" rel=\"noopener noreferrer\"><img loading=\"lazy\" title=\"KOL Reaksiyon Kollar\u0131\" src=\"https:\/\/kolver.it\/images\/icons\/acrobat_icon.gif\" alt=\"KOL Reaksiyon Kollar\u0131\" width=\"16\" height=\"16\" \/><\/a><\/td>\n<td>010603<\/td>\n<td>Tork reaksiyon kollar\u0131 PS7KOL, \u00f6nceden ayarlanm\u0131\u015f torkta durduklar\u0131nda tornavidalar\u0131n olu\u015fturdu\u011fu reaksiyonu ortadan kald\u0131rmak i\u00e7in tasarlanm\u0131\u015ft\u0131r.\u00a0Maks 75 Nm.\u00a0PS7KOL standart destek ve tak\u0131m tutucu ile birlikte verilir.<\/td>\n<\/tr>\n<tr>\n<td>LINAR1 Lineer Kol<br \/>\n<a href=\"https:\/\/kolver.it\/upl\/Linear%20Arm%20drawing.PDF\" target=\"_blank\" rel=\"noopener noreferrer\"><img loading=\"lazy\" title=\"Do\u011frusal Kol \u00e7izimi\" src=\"https:\/\/kolver.it\/images\/icons\/acrobat_icon.gif\" alt=\"Do\u011frusal Kol \u00e7izimi\" width=\"16\" height=\"16\" \/><\/a><\/td>\n<td>010681<\/td>\n<td>Lineer Kolumuz p\u00fcr\u00fczs\u00fczl\u00fck, kullan\u0131\u015fl\u0131l\u0131k ve reklam do\u011frulu\u011funu garanti eder.\u00a0Yeni teknik \u00e7\u00f6z\u00fcmler hem y\u00fckseklik hem de 360 \u200b\u200b\u00b0 d\u00f6n\u00fc\u015fte sa\u011flaml\u0131k, stabilite ve esneklik sa\u011flar.\u00a0Maks. 25Nm.<\/td>\n<\/tr>\n<tr>\n<td>LINAR2 Lineer Kol<br \/>\n<a href=\"https:\/\/kolver.it\/upl\/Braccio%20lineare%20linar2%2050Nm%20ingombro.PDF\" target=\"_blank\" rel=\"noopener noreferrer\"><img loading=\"lazy\" title=\"Braccio lineare linar2 50Nm ingombro\" src=\"https:\/\/kolver.it\/images\/icons\/acrobat_icon.gif\" alt=\"Braccio lineare linar2 50Nm ingombro\" width=\"16\" height=\"16\" \/><\/a><\/td>\n<td>010682<\/td>\n<td>Lineer Kolumuz p\u00fcr\u00fczs\u00fczl\u00fck, kullan\u0131\u015fl\u0131l\u0131k ve reklam do\u011frulu\u011funu garanti eder.\u00a0Yeni teknik \u00e7\u00f6z\u00fcmler hem y\u00fckseklik hem de 360 \u200b\u200b\u00b0 d\u00f6n\u00fc\u015fte sa\u011flaml\u0131k, stabilite ve esneklik sa\u011flar.\u00a0Maksimum tork: 50Nm.<\/td>\n<\/tr>\n<tr>\n<td>LINART Katlan\u0131r Kol<br \/>\n<a href=\"https:\/\/kolver.it\/upl\/LINART%20senza%20sensori%20INGOMBRO.PDF\" target=\"_blank\" rel=\"noopener noreferrer\"><img loading=\"lazy\" title=\"LINART senza sensori INGOMBRO\" src=\"https:\/\/kolver.it\/images\/icons\/acrobat_icon.gif\" alt=\"LINART senza sensori INGOMBRO\" width=\"16\" height=\"16\" \/><\/a><\/td>\n<td>010683<\/td>\n<td>Katlan\u0131r Kolumuz p\u00fcr\u00fczs\u00fczl\u00fc\u011f\u00fc, kullan\u0131\u015fl\u0131l\u0131\u011f\u0131 ve do\u011frulu\u011funu garanti eder.\u00a0Yeni teknik \u00e7\u00f6z\u00fcmler hem y\u00fckseklik hem de 360 \u200b\u200b\u00b0 d\u00f6n\u00fc\u015fte sa\u011flaml\u0131k, stabilite ve esneklik sa\u011flar.\u00a0Maks. 25Nm.<\/td>\n<\/tr>\n<tr>\n<td>CAR101 Karbon Fiber Kol 10 Nm \/ 906 mm<br \/>\n<a href=\"https:\/\/kolver.it\/upl\/CAR101%20Dimensional%20drawing.PDF\" target=\"_blank\" rel=\"noopener noreferrer\"><img loading=\"lazy\" title=\"CAR101 Teknik \u00e7izim\" src=\"https:\/\/kolver.it\/images\/icons\/acrobat_icon.gif\" alt=\"CAR101 Teknik \u00e7izim\" width=\"16\" height=\"16\" \/><\/a><\/td>\n<td>010661<\/td>\n<td>Karbon yap\u0131s\u0131, CAR kollar\u0131m\u0131z\u0131 ayn\u0131 zamanda son derece hafif ve dayan\u0131kl\u0131 hale getirir: y\u00fcksek yorulma uygulamalar\u0131nda bozulmay\u0131 geleneksel malzemelerden \u00e7ok daha iyi kar\u015f\u0131lar.\u00a0Maksimum Tork: 10Nm;\u00a0Eri\u015fim: 549-906mm<\/td>\n<\/tr>\n<tr>\n<td>CAR281 Karbon Fiber Kol 25 Nm \/ 950 mm<br \/>\n<a href=\"https:\/\/kolver.it\/upl\/CAR%20dimensions.PDF\" target=\"_blank\" rel=\"noopener noreferrer\"><img loading=\"lazy\" title=\"ARA\u00c7 boyutlar\u0131\" src=\"https:\/\/kolver.it\/images\/icons\/acrobat_icon.gif\" alt=\"ARA\u00c7 boyutlar\u0131\" width=\"16\" height=\"16\" \/><\/a><\/td>\n<td>010663<\/td>\n<td>Karbon yap\u0131s\u0131, CAR kollar\u0131m\u0131z\u0131 ayn\u0131 zamanda son derece hafif ve dayan\u0131kl\u0131 hale getirir: bu nedenle y\u00fcksek yorulma uygulamalar\u0131nda bozulmay\u0131 geleneksel malzemelerden \u00e7ok daha iyi kar\u015f\u0131lar.\u00a0Maksimum Tork: 25Nm;\u00a0Eri\u015fim: 490-950mm<\/td>\n<\/tr>\n<tr>\n<td>CAR282 Karbon Fiber Kol 25 Nm \/ 1650 mm<br \/>\n<a href=\"https:\/\/kolver.it\/upl\/CAR%20dimensions.PDF\" target=\"_blank\" rel=\"noopener noreferrer\"><img loading=\"lazy\" title=\"ARA\u00c7 boyutlar\u0131\" src=\"https:\/\/kolver.it\/images\/icons\/acrobat_icon.gif\" alt=\"ARA\u00c7 boyutlar\u0131\" width=\"16\" height=\"16\" \/><\/a><\/td>\n<td>010664<\/td>\n<td>Karbon yap\u0131s\u0131, CAR kollar\u0131m\u0131z\u0131 ayn\u0131 zamanda son derece hafif ve dayan\u0131kl\u0131 hale getirir: bu nedenle y\u00fcksek yorulma uygulamalar\u0131nda bozulmay\u0131 geleneksel malzemelerden \u00e7ok daha iyi kar\u015f\u0131lar.\u00a0Maksimum Tork: 25Nm;\u00a0Eri\u015fim: 730-1650mm<\/td>\n<\/tr>\n<tr>\n<td>CAR501 Karbon Fiber Kol 50 Nm \/ 950 mm<br \/>\n<a href=\"https:\/\/kolver.it\/upl\/CAR%20dimensions.PDF\" target=\"_blank\" rel=\"noopener noreferrer\"><img loading=\"lazy\" title=\"ARA\u00c7 boyutlar\u0131\" src=\"https:\/\/kolver.it\/images\/icons\/acrobat_icon.gif\" alt=\"ARA\u00c7 boyutlar\u0131\" width=\"16\" height=\"16\" \/><\/a><\/td>\n<td>010665<\/td>\n<td>Karbon yap\u0131s\u0131, CAR kollar\u0131m\u0131z\u0131 ayn\u0131 zamanda son derece hafif ve dayan\u0131kl\u0131 hale getirir: bu nedenle y\u00fcksek yorulma uygulamalar\u0131nda bozulmay\u0131 geleneksel malzemelerden \u00e7ok daha iyi kar\u015f\u0131lar.\u00a0Maksimum Tork: 50Nm;\u00a0Eri\u015fim: 490-950mm<\/td>\n<\/tr>\n<tr>\n<td>CAR502 Karbon Fiber Kol 50 Nm \/ 1650 mm<br \/>\n<a href=\"https:\/\/kolver.it\/upl\/CAR%20dimensions.PDF\" target=\"_blank\" rel=\"noopener noreferrer\"><img loading=\"lazy\" title=\"ARA\u00c7 boyutlar\u0131\" src=\"https:\/\/kolver.it\/images\/icons\/acrobat_icon.gif\" alt=\"ARA\u00c7 boyutlar\u0131\" width=\"16\" height=\"16\" \/><\/a><\/td>\n<td>010666<\/td>\n<td>Karbon yap\u0131s\u0131, CAR kollar\u0131m\u0131z\u0131 ayn\u0131 zamanda son derece hafif ve dayan\u0131kl\u0131 hale getirir: bu nedenle y\u00fcksek yorulma uygulamalar\u0131nda bozulmay\u0131 geleneksel malzemelerden \u00e7ok daha iyi kar\u015f\u0131lar.\u00a0Maksimum Tork: 50Nm;\u00a0Eri\u015fim: 730-1650mm<\/td>\n<\/tr>\n<\/tbody>\n<\/table>\n<table>\n<thead class=\"hidden-xs hidden-sm\">\n<tr>\n<th>model<\/th>\n<th>kod<\/th>\n<th>\u00d6zellikleri<\/th>\n<\/tr>\n<\/thead>\n<tbody>\n<tr>\n<td>TLS1 \/ CAR281<br \/>\n<a href=\"https:\/\/kolver.it\/upl\/CAR-TLS%20dimensions.PDF\" target=\"_blank\" rel=\"noopener noreferrer\"><img loading=\"lazy\" title=\"CAR-TLS boyutlar\u0131\" src=\"https:\/\/kolver.it\/images\/icons\/acrobat_icon.gif\" alt=\"CAR-TLS boyutlar\u0131\" width=\"16\" height=\"16\" \/><\/a>\u00a0<a href=\"https:\/\/kolver.it\/upl\/Manuale%20TLS1.pdf\" target=\"_blank\" rel=\"noopener noreferrer\"><img loading=\"lazy\" title=\"Manuale TLS1\" src=\"https:\/\/kolver.it\/images\/icons\/acrobat_icon.gif\" alt=\"Manuale TLS1\" width=\"16\" height=\"16\" \/><\/a><\/td>\n<td>010.663 \/ TLS1<\/td>\n<td>TLS1 kolu her vidan\u0131n do\u011fru konumda olmas\u0131n\u0131 sa\u011flar.\u00a0TLS1 tu\u015f tak\u0131m\u0131 ve kontrol \u00fcnitesi kablosu ile birlikte standart olarak verilmektedir.\u00a0Maksimum Tork: 25Nm;\u00a0Eri\u015fim: 500-950 mm<\/td>\n<\/tr>\n<tr>\n<td>TLS1 \/ CAR282<br \/>\n<a href=\"https:\/\/kolver.it\/upl\/CAR-TLS%20dimensions.PDF\" target=\"_blank\" rel=\"noopener noreferrer\"><img loading=\"lazy\" title=\"CAR-TLS boyutlar\u0131\" src=\"https:\/\/kolver.it\/images\/icons\/acrobat_icon.gif\" alt=\"CAR-TLS boyutlar\u0131\" width=\"16\" height=\"16\" \/><\/a>\u00a0<a href=\"https:\/\/kolver.it\/upl\/Manuale%20TLS1.pdf\" target=\"_blank\" rel=\"noopener noreferrer\"><img loading=\"lazy\" title=\"Manuale TLS1\" src=\"https:\/\/kolver.it\/images\/icons\/acrobat_icon.gif\" alt=\"Manuale TLS1\" width=\"16\" height=\"16\" \/><\/a><\/td>\n<td>010.664 \/ TLS1<\/td>\n<td>TLS1 kolu her vidan\u0131n do\u011fru konumda olmas\u0131n\u0131 sa\u011flar.\u00a0TLS1 tu\u015f tak\u0131m\u0131 ve kontrol \u00fcnitesi kablosu ile birlikte standart olarak verilmektedir.\u00a0Maksimum Tork: 25Nm;\u00a0Eri\u015fim: 750-1670 mm<\/td>\n<\/tr>\n<tr>\n<td>TLS1 \/ CAR501<br \/>\n<a href=\"https:\/\/kolver.it\/upl\/CAR-TLS%20dimensions.PDF\" target=\"_blank\" rel=\"noopener noreferrer\"><img loading=\"lazy\" title=\"CAR-TLS boyutlar\u0131\" src=\"https:\/\/kolver.it\/images\/icons\/acrobat_icon.gif\" alt=\"CAR-TLS boyutlar\u0131\" width=\"16\" height=\"16\" \/><\/a>\u00a0<a href=\"https:\/\/kolver.it\/upl\/Manuale%20TLS1.pdf\" target=\"_blank\" rel=\"noopener noreferrer\"><img loading=\"lazy\" title=\"Manuale TLS1\" src=\"https:\/\/kolver.it\/images\/icons\/acrobat_icon.gif\" alt=\"Manuale TLS1\" width=\"16\" height=\"16\" \/><\/a><\/td>\n<td>010.665 \/ TLS1<\/td>\n<td>TLS1 kolu her vidan\u0131n do\u011fru konumda olmas\u0131n\u0131 sa\u011flar.\u00a0TLS1 tu\u015f tak\u0131m\u0131 ve kontrol \u00fcnitesi kablosu ile birlikte standart olarak verilmektedir.\u00a0Maksimum Tork: 50Nm;\u00a0Eri\u015fim: 500-950 mm<\/td>\n<\/tr>\n<tr>\n<td>TLS1 \/ CAR502<br \/>\n<a href=\"https:\/\/kolver.it\/upl\/CAR-TLS%20dimensions.PDF\" target=\"_blank\" rel=\"noopener noreferrer\"><img loading=\"lazy\" title=\"CAR-TLS boyutlar\u0131\" src=\"https:\/\/kolver.it\/images\/icons\/acrobat_icon.gif\" alt=\"CAR-TLS boyutlar\u0131\" width=\"16\" height=\"16\" \/><\/a>\u00a0<a href=\"https:\/\/kolver.it\/upl\/Manuale%20TLS1.pdf\" target=\"_blank\" rel=\"noopener noreferrer\"><img loading=\"lazy\" title=\"Manuale TLS1\" src=\"https:\/\/kolver.it\/images\/icons\/acrobat_icon.gif\" alt=\"Manuale TLS1\" width=\"16\" height=\"16\" \/><\/a><\/td>\n<td>010.666 \/ TLS1<\/td>\n<td>TLS1 kolu her vidan\u0131n do\u011fru konumda olmas\u0131n\u0131 sa\u011flar.\u00a0TLS1 tu\u015f tak\u0131m\u0131 ve kontrol \u00fcnitesi kablosu ile birlikte standart olarak verilmektedir.\u00a0Maksimum Tork: 50Nm;\u00a0Eri\u015fim: 750-1670 mm<\/td>\n<\/tr>\n<tr>\n<td>TLS1 \/ LINAR1<br \/>\n<a href=\"https:\/\/kolver.it\/upl\/Braccio%20lineare%20con%20posizioni%20%20linar1%20INGOMBRO.PDF\" target=\"_blank\" rel=\"noopener noreferrer\"><img loading=\"lazy\" title=\"Braccio lineare con posizioni linar1 INGOMBRO\" src=\"https:\/\/kolver.it\/images\/icons\/acrobat_icon.gif\" alt=\"Braccio lineare con posizioni linar1 INGOMBRO\" width=\"16\" height=\"16\" \/><\/a>\u00a0<a href=\"https:\/\/kolver.it\/upl\/Manuale%20TLS1.pdf\" target=\"_blank\" rel=\"noopener noreferrer\"><img loading=\"lazy\" title=\"Manuale TLS1\" src=\"https:\/\/kolver.it\/images\/icons\/acrobat_icon.gif\" alt=\"Manuale TLS1\" width=\"16\" height=\"16\" \/><\/a><\/td>\n<td>010.681 \/ TLS1<\/td>\n<td>TLS1 lineer kol, her vidan\u0131n do\u011fru konumda olmas\u0131n\u0131 sa\u011flar.\u00a0TLS1 tu\u015f tak\u0131m\u0131 ve kontrol \u00fcnitesi kablosu ile birlikte standart olarak verilmektedir.\u00a0Maksimum Tork: 25Nm;\u00a0Eri\u015fim: 272-653 mm<\/td>\n<\/tr>\n<tr>\n<td>TLS1 \/ LINAR2<br \/>\n<a href=\"https:\/\/kolver.it\/upl\/Braccio%20lineare%20con%20posizioni%20linar2%20INGOMBRO.PDF\" target=\"_blank\" rel=\"noopener noreferrer\"><img loading=\"lazy\" title=\"Braccio lineare con posizioni linar2 INGOMBRO\" src=\"https:\/\/kolver.it\/images\/icons\/acrobat_icon.gif\" alt=\"Braccio lineare con posizioni linar2 INGOMBRO\" width=\"16\" height=\"16\" \/><\/a>\u00a0<a href=\"https:\/\/kolver.it\/upl\/Manuale%20TLS1.pdf\" target=\"_blank\" rel=\"noopener noreferrer\"><img loading=\"lazy\" title=\"Manuale TLS1\" src=\"https:\/\/kolver.it\/images\/icons\/acrobat_icon.gif\" alt=\"Manuale TLS1\" width=\"16\" height=\"16\" \/><\/a><\/td>\n<td>010.682 \/ TLS1<\/td>\n<td>TLS1 lineer kol, her vidan\u0131n do\u011fru konumda olmas\u0131n\u0131 sa\u011flar.\u00a0TLS1 tu\u015f tak\u0131m\u0131 ve kontrol \u00fcnitesi kablosu ile birlikte standart olarak verilmektedir.\u00a0Maksimum Tork: 50Nm;\u00a0Eri\u015fim: 272-653 mm<\/td>\n<\/tr>\n<tr>\n<td>TLS1 \/ LINART<br \/>\n<a href=\"https:\/\/kolver.it\/upl\/LINART%20TLS1%20INGOMBRO.PDF\" target=\"_blank\" rel=\"noopener noreferrer\"><img loading=\"lazy\" title=\"LINART TLS1 INGOMBRO\" src=\"https:\/\/kolver.it\/images\/icons\/acrobat_icon.gif\" alt=\"LINART TLS1 INGOMBRO\" width=\"16\" height=\"16\" \/><\/a>\u00a0<a href=\"https:\/\/kolver.it\/upl\/Manuale%20TLS1.pdf\" target=\"_blank\" rel=\"noopener noreferrer\"><img loading=\"lazy\" title=\"Manuale TLS1\" src=\"https:\/\/kolver.it\/images\/icons\/acrobat_icon.gif\" alt=\"Manuale TLS1\" width=\"16\" height=\"16\" \/><\/a><\/td>\n<td>010.683 \/ TLS1<\/td>\n<td>TLS1 mafsall\u0131 kol, her vidan\u0131n do\u011fru yerde olmas\u0131n\u0131 sa\u011flar.\u00a0TLS1 tu\u015f tak\u0131m\u0131 ve kontrol \u00fcnitesi kablosu ile birlikte standart olarak verilmektedir.\u00a0Maksimum Tork: 25Nm;\u00a0Eri\u015fim: 114-740 mm<\/td>\n<\/tr>\n<tr>\n<td>TLS1 \/ SAR XYZ<br \/>\n<a href=\"https:\/\/kolver.it\/upl\/XYZ%20-%20now%20with%20Positioning%20System%20(1).pdf\" target=\"_blank\" rel=\"noopener noreferrer\"><img loading=\"lazy\" title=\"XYZ - \u015fimdi Konumland\u0131rma Sistemi ile\" src=\"https:\/\/kolver.it\/images\/icons\/acrobat_icon.gif\" alt=\"XYZ - \u015fimdi Konumland\u0131rma Sistemi ile\" width=\"16\" height=\"16\" \/><\/a>\u00a0<a href=\"https:\/\/kolver.it\/upl\/Manuale%20TLS1.pdf\" target=\"_blank\" rel=\"noopener noreferrer\"><img loading=\"lazy\" title=\"Manuale TLS1\" src=\"https:\/\/kolver.it\/images\/icons\/acrobat_icon.gif\" alt=\"Manuale TLS1\" width=\"16\" height=\"16\" \/><\/a><\/td>\n<td>010.690 \/ XYZ \/ TLS1<\/td>\n<td>TLS1 mafsall\u0131 kol, her vidan\u0131n do\u011fru yerde olmas\u0131n\u0131 sa\u011flar.\u00a0TLS1 tu\u015f tak\u0131m\u0131 ve kontrol \u00fcnitesi kablosu ile birlikte standart olarak verilmektedir.\u00a0Maksimum Tork: 15Nm.\u00a0XYZ Eksenlerinde Hareket.<\/td>\n<\/tr>\n<\/tbody>\n<\/table>\n<table>\n<thead class=\"hidden-xs hidden-sm\">\n<tr>\n<th>model<\/th>\n<th>kod<\/th>\n<th>\u00d6zellikleri<\/th>\n<\/tr>\n<\/thead>\n<tbody>\n<tr>\n<td>SAR15 Z<br \/>\n<a href=\"https:\/\/kolver.it\/upl\/Suspended%20arm%20%20-Z-%20drawing.PDF\" target=\"_blank\" rel=\"noopener noreferrer\"><img loading=\"lazy\" title=\"Asma kol -Z- \u00e7izim\" src=\"https:\/\/kolver.it\/images\/icons\/acrobat_icon.gif\" alt=\"Asma kol -Z- \u00e7izim\" width=\"16\" height=\"16\" \/><\/a>\u00a0<a href=\"https:\/\/kolver.it\/upl\/Suspended%20Arms.pdf\" target=\"_blank\" rel=\"noopener noreferrer\"><img loading=\"lazy\" title=\"Asma Kollar\" src=\"https:\/\/kolver.it\/images\/icons\/acrobat_icon.gif\" alt=\"Asma Kollar\" width=\"16\" height=\"16\" \/><\/a>\u00a0<a href=\"https:\/\/kolver.it\/upl\/Manual%20%20SAR%202019%20ENG.pdf\" target=\"_blank\" rel=\"noopener noreferrer\"><img loading=\"lazy\" title=\"Manuel SAR 2019 TUR\" src=\"https:\/\/kolver.it\/images\/icons\/acrobat_icon.gif\" alt=\"Manuel SAR 2019 TUR\" width=\"16\" height=\"16\" \/><\/a><\/td>\n<td>010.690 \/ Z \/ 5<\/td>\n<td>As\u0131l\u0131 kol, alan\u0131n \u00f6nemli oldu\u011fu ve operat\u00f6r g\u00fcvenli\u011finin zorunlu oldu\u011fu montaj i\u00e7in idealdir.\u00a0Elektrikli veya pn\u00f6matik tork tak\u0131mlar\u0131n\u0131 (15Nm&#8217;ye kadar) dik veya d\u00fcz hizada tutarlar.\u00a0Z Ekseninde Hareket.<\/td>\n<\/tr>\n<tr>\n<td>SAR15 XZ85<br \/>\n<a href=\"https:\/\/kolver.it\/upl\/Suspended%20Arms.pdf\" target=\"_blank\" rel=\"noopener noreferrer\"><img loading=\"lazy\" title=\"Asma Kollar\" src=\"https:\/\/kolver.it\/images\/icons\/acrobat_icon.gif\" alt=\"Asma Kollar\" width=\"16\" height=\"16\" \/><\/a>\u00a0<a href=\"https:\/\/kolver.it\/upl\/Suspended%20arm%20-XZ-%20drawing.pdf\" target=\"_blank\" rel=\"noopener noreferrer\"><img loading=\"lazy\" title=\"Asma kol -XZ- \u00e7izim\" src=\"https:\/\/kolver.it\/images\/icons\/acrobat_icon.gif\" alt=\"Asma kol -XZ- \u00e7izim\" width=\"16\" height=\"16\" \/><\/a>\u00a0<a href=\"https:\/\/kolver.it\/upl\/Manual%20%20SAR%202019%20ENG.pdf\" target=\"_blank\" rel=\"noopener noreferrer\"><img loading=\"lazy\" title=\"Manuel SAR 2019 TUR\" src=\"https:\/\/kolver.it\/images\/icons\/acrobat_icon.gif\" alt=\"Manuel SAR 2019 TUR\" width=\"16\" height=\"16\" \/><\/a><\/td>\n<td>010.690 \/ XZ \/ 85<\/td>\n<td>As\u0131l\u0131 kol, alan\u0131n \u00f6nemli oldu\u011fu ve operat\u00f6r g\u00fcvenli\u011finin zorunlu oldu\u011fu montaj i\u00e7in idealdir.\u00a0Elektrikli veya pn\u00f6matik tork tak\u0131mlar\u0131n\u0131 (15Nm&#8217;ye kadar) dik veya d\u00fcz hizada tutarlar.\u00a0XZ Eksenlerinde Hareket.<\/td>\n<\/tr>\n<tr>\n<td>SAR15 XYZ855<br \/>\n<a href=\"https:\/\/kolver.it\/upl\/Suspended%20Arms.pdf\" target=\"_blank\" rel=\"noopener noreferrer\"><img loading=\"lazy\" title=\"Asma Kollar\" src=\"https:\/\/kolver.it\/images\/icons\/acrobat_icon.gif\" alt=\"Asma Kollar\" width=\"16\" height=\"16\" \/><\/a>\u00a0<a href=\"https:\/\/kolver.it\/upl\/Suspended%20arm%20-XYZ-%20drawing.pdf\" target=\"_blank\" rel=\"noopener noreferrer\"><img loading=\"lazy\" title=\"Asma kol -XYZ- \u00e7izim\" src=\"https:\/\/kolver.it\/images\/icons\/acrobat_icon.gif\" alt=\"Asma kol -XYZ- \u00e7izim\" width=\"16\" height=\"16\" \/><\/a>\u00a0<a href=\"https:\/\/kolver.it\/upl\/Manual%20%20SAR%202019%20ENG.pdf\" target=\"_blank\" rel=\"noopener noreferrer\"><img loading=\"lazy\" title=\"Manuel SAR 2019 TUR\" src=\"https:\/\/kolver.it\/images\/icons\/acrobat_icon.gif\" alt=\"Manuel SAR 2019 TUR\" width=\"16\" height=\"16\" \/><\/a><\/td>\n<td>010.690 \/ XYZ \/ 855<\/td>\n<td>As\u0131l\u0131 kol, alan\u0131n \u00f6nemli oldu\u011fu ve operat\u00f6r g\u00fcvenli\u011finin zorunlu oldu\u011fu montaj i\u00e7in idealdir.\u00a0Elektrikli veya pn\u00f6matik tork tak\u0131mlar\u0131n\u0131 (15Nm&#8217;ye kadar) dik veya d\u00fcz hizada tutarlar.\u00a0XYZ Eksenlerinde Hareket.<\/td>\n<\/tr>\n<\/tbody>\n<\/table>\n","protected":false},"excerpt":{"rendered":"<div class=\"column_attr\"><a class=\"button button_left button_blue button_js kill_the_icon\" href=\"https:\/\/kolver.it\/upl\/Catalog%20-%20Reaction%20Arms.pdf\" target=\"_blank\" rel=\"noopener noreferrer\"><span class=\"button_label\">KATALOG &#8211; REAKS\u0130YON KOLLARI<\/span><\/a><br \/>\n<a class=\"button button_left button_blue button_js kill_the_icon\" href=\"https:\/\/kolver.it\/upl\/MANUAL%20-%20TLS1%20ARMS.pdf\" target=\"_blank\" rel=\"noopener noreferrer\"><i class=\"icon-chart-line\"><\/i><span class=\"button_label\">MANUEL &#8211; TLS1 S\u0130LAHLARI<\/span><\/a><br \/>\n<a class=\"button button_left button_blue button_js kill_the_icon\" href=\"https:\/\/kolver.it\/upl\/MANUAL%20-%20SAR%20ARMS.pdf\" target=\"_blank\" rel=\"noopener noreferrer\"><i class=\"icon-info\"><\/i><span class=\"button_label\">MANUEL &#8211; SAR S\u0130LAHLARI<\/span><\/a><br \/>\n<a class=\"button button_left button_blue button_js kill_the_icon\" href=\"https:\/\/kolver.it\/upl\/Sicurezza_Warning%20(1).pdf\" target=\"_blank\" rel=\"noopener noreferrer\"><i class=\"icon-info\"><\/i><span class=\"button_label\">G\u00dcVENL\u0130K TAL\u0130MATLARI<\/span><\/a><\/div>\n","protected":false},"featured_media":2907,"comment_status":"open","ping_status":"closed","template":"","meta":[],"product_cat":[15],"product_tag":[],"_links":{"self":[{"href":"https:\/\/kolver-turkiye.com\/index.php?rest_route=\/wp\/v2\/product\/2906"}],"collection":[{"href":"https:\/\/kolver-turkiye.com\/index.php?rest_route=\/wp\/v2\/product"}],"about":[{"href":"https:\/\/kolver-turkiye.com\/index.php?rest_route=\/wp\/v2\/types\/product"}],"replies":[{"embeddable":true,"href":"https:\/\/kolver-turkiye.com\/index.php?rest_route=%2Fwp%2Fv2%2Fcomments&post=2906"}],"wp:featuredmedia":[{"embeddable":true,"href":"https:\/\/kolver-turkiye.com\/index.php?rest_route=\/wp\/v2\/media\/2907"}],"wp:attachment":[{"href":"https:\/\/kolver-turkiye.com\/index.php?rest_route=%2Fwp%2Fv2%2Fmedia&parent=2906"}],"wp:term":[{"taxonomy":"product_cat","embeddable":true,"href":"https:\/\/kolver-turkiye.com\/index.php?rest_route=%2Fwp%2Fv2%2Fproduct_cat&post=2906"},{"taxonomy":"product_tag","embeddable":true,"href":"https:\/\/kolver-turkiye.com\/index.php?rest_route=%2Fwp%2Fv2%2Fproduct_tag&post=2906"}],"curies":[{"name":"wp","href":"https:\/\/api.w.org\/{rel}","templated":true}]}}