{"id":2896,"date":"2020-01-05T20:28:04","date_gmt":"2020-01-05T20:28:04","guid":{"rendered":"https:\/\/kolver-turkiye.com\/?post_type=product&#038;p=2896"},"modified":"2025-03-10T08:24:07","modified_gmt":"2025-03-10T08:24:07","slug":"kontrolorler-edu-serisi","status":"publish","type":"product","link":"https:\/\/kolver-turkiye.com\/?product=kontrolorler-edu-serisi","title":{"rendered":"Kontrol\u00f6rler EDU serisi"},"content":{"rendered":"<p>T\u00fcm Kolver tornavidalar\u0131, AC&#8217;den DC&#8217;ye transformat\u00f6r ve tork kontrol\u00f6r\u00fc g\u00f6revi g\u00f6ren bir kontrol \u00fcnitesi ile birlikte \u00e7al\u0131\u015f\u0131r.\u00a0Elektronik kontrol devresi, \u00f6nceden ayarlanan torka ula\u015f\u0131ld\u0131\u011f\u0131nda motora g\u00fc\u00e7 beslemesini keser.<br \/>\nFAB ve RAF tornavidalar i\u00e7in EDU1FR kontrol \u00fcnitelerinde a\u015f\u0131nan bile\u015fen i\u00e7ermeyen, bak\u0131m gerektirmeyen, son teknoloji bir elektronik bulunur.\u00a0Ek \u00f6zellikler: yava\u015f ba\u015flatma (0-2 sn), ayarlanabilir h\u0131z (% 60 ila% 100) ve g\u00fc\u00e7 a\u00e7ma \/ kapama ve debriyaj hareketi i\u00e7in g\u00f6rsel g\u00f6stergeler (ye\u015fil-k\u0131rm\u0131z\u0131).<br \/>\nEDU1FR \/ SG kontrol cihaz\u0131, arka paneldeki bir konekt\u00f6re ba\u011fl\u0131 ek devreler i\u00e7erir: eri\u015filen torka ve kol sinyallerine y\u00f6nelik 24V \u00e7\u0131k\u0131\u015f;\u00a0giri\u015f: ba\u015flang\u0131\u00e7 \u200b\u200bve geri kontaklar.<\/p>\n<p>PLUTO serisi i\u00e7in EDU2AE, hassas tork kontroll\u00fc elektrikli aletlerin, aktar\u0131lan aletlerin fiyat\u0131n\u0131n bir k\u0131sm\u0131nda size t\u00fcm avantajlar\u0131n\u0131 sunar.\u00a0Ek \u00f6zellikler: tork, ayarlanabilir tork ve ileri ve geri h\u0131z, sert veya yumu\u015fak derz, yava\u015f ba\u015flang\u0131\u00e7 \u200b\u200bzaman\u0131, min ve maksimum sabitleme s\u00fcresi, sa\u011f ve sol tork kontrol\u00fc, vida sayac\u0131, maksimum tork s\u00fcresi, otomatik geri d\u00f6n\u00fc\u015f, tork de\u011feri g\u00f6stergesi (Nm veya in\u00e7 .lbs).\u00a0T\u00fcm \u00fcnitelerde standart: uzaktan \u00e7al\u0131\u015ft\u0131rma, uzaktan geri vites, torka ula\u015fma sinyali, hata sinyali, acil durdurma.<\/p>\n<p>\u00c7oklu tork sistemi, yaln\u0131zca bir kontrol\u00f6r ve bir Pluto s\u00fcr\u00fcc\u00fcs\u00fc ile \u00e7oklu tork ayarlar\u0131na kolay eri\u015fim sa\u011flayarak PLUTO tornavidan\u0131n i\u015flevselli\u011fini geni\u015fletmek i\u00e7in tasarlanm\u0131\u015ft\u0131r.\u00a0Modeller aras\u0131nda \u00e7ift torklu \u00e7\u0131k\u0131\u015f \u00fcnitesi ve \u00e7oklu tork \u00fcnitesi EDU2AE \/ TOP bulunur.\u00a0Her biri farkl\u0131 tork de\u011ferleri, h\u0131z, rampa, vida say\u0131m\u0131, parti say\u0131m\u0131, yaz\u0131c\u0131 ve PC ba\u011flant\u0131s\u0131 i\u00e7in USB portu, ger\u00e7ek zamanl\u0131 saatli tork grafi\u011fi ile 8 programa sahiptir.<\/p>\n<p>\u2022 8 ba\u011f\u0131ms\u0131z program: bir PLUTO tornavida ile 8 geleneksel tornaviday\u0131 de\u011fi\u015ftirebilirsiniz.<br \/>\n\u2022 Her program a\u015fa\u011f\u0131daki ayarlar\u0131 kabul edebilir: Tork, H\u0131z, Eklem Tipi, S\u0131k\u0131lacak Vida Say\u0131s\u0131, \u0130zin Verilen Reddetme Say\u0131s\u0131, Minimum vidalama s\u00fcresi, Maksimum vidalama s\u00fcresi, Rampa s\u00fcresi, Otomatik geri vites, Herhangi bir s\u0131ra, Tersine izin ver veya Engelle se\u00e7ene\u011fi: herhangi bir uygulama i\u00e7in do\u011fru ayar\u0131 bulabilirsiniz, montaj\u0131n\u0131zdaki viday\u0131 asla ka\u00e7\u0131rmay\u0131n.<br \/>\n\u2022 Parola korumal\u0131: kimseden kurcalamaz.<br \/>\n\u2022 Yap\u0131lan i\u015flerin \u00f6zetini i\u00e7eren istatistik men\u00fcs\u00fc: g\u00fcn\u00fcn sonunda ka\u00e7 \u00e7evrimin do\u011fru \u015fekilde ger\u00e7ekle\u015ftirildi\u011fini, ka\u00e7 adet yanl\u0131\u015f oldu\u011funu, toplam vida say\u0131s\u0131n\u0131 vb. Bileceksiniz.<br \/>\n\u2022 15 giri\u015f ve 11 \u00e7\u0131k\u0131\u015f konekt\u00f6r\u00fc: t\u00fcm fonksiyonlar\u0131 kontrol edebilirsiniz PLC&#8217;den.<br \/>\n\u2022 Se\u00e7enekler aras\u0131nda USB ba\u011flant\u0131 noktas\u0131, Soket tepsisi veya Anahtar kutusu bulunur: maksimum esneklik.<br \/>\n\u2022 Dev 135 x 40mm mavi ekran: her a\u00e7\u0131dan okunmas\u0131 kolay.<br \/>\n\u2022 Kullan\u0131c\u0131 dostu men\u00fc ile kolay programlama.<br \/>\n\u2022 Piyasadaki benzer \u00fcr\u00fcnlere g\u00f6re 3 kat daha d\u00fc\u015f\u00fck fiyat.<\/p>\n<p>Yeni EDU2AE \/ TOP kontrol \u00fcnitesi \u00f6zellikleri:<br \/>\n\u2022 tornavida model ayar\u0131<br \/>\n\u2022 s\u0131kma torku, sabitleme ve gev\u015fetme h\u0131z\u0131<br \/>\n\u2022 h\u0131zlanma rampas\u0131<br \/>\n\u2022 minimum ve maksimum sabitleme s\u00fcresi<br \/>\n\u2022 otomatik geri d\u00f6n\u00fc\u015f<br \/>\n\u2022 \u015fifre koruma ayarlar\u0131<br \/>\n\u2022 ge\u00e7erli tork i\u015flevi (ayarlanabilir bir s\u00fcre i\u00e7in)<br \/>\n\u2022 saat y\u00f6n\u00fcnde veya saat y\u00f6n\u00fcn\u00fcn tersine tork kontroll\u00fc rotasyon (sa\u011f veya sol vidalar)<br \/>\n\u2022 \u00f6zel kalibrasyon men\u00fcs\u00fc arac\u0131l\u0131\u011f\u0131yla ekranda Nm cinsinden tork de\u011feri<br \/>\n\u2022 vida say\u0131m\u0131 fonksiyonu<br \/>\n\u2022 OK veya NOK sinyali ile min-maks tork aral\u0131\u011f\u0131<br \/>\n\u2022 8 ba\u011f\u0131ms\u0131z program: bir PLUTO tornavida ile 8 geleneksel tornaviday\u0131 de\u011fi\u015ftirebilirsiniz.<br \/>\n\u2022 Saat ve tarih<br \/>\n\u2022 Barkodla<br \/>\nprogram se\u00e7imi \u2022 Soket tepsisi ve \/ veya anahtar kutusu ile program se\u00e7imi<br \/>\n\u2022 Tork \/ a\u00e7\u0131 kombine kontrol fonksiyonlar\u0131na sahip TA versiyonunda da mevcuttur (\u00f6zel sayfaya bak\u0131n\u0131z)<\/p>\n<p>&nbsp;<\/p>\n<table>\n<thead class=\"hidden-xs hidden-sm\">\n<tr>\n<th>model<\/th>\n<th>kod<\/th>\n<th>\u00d6zellikleri<\/th>\n<th>Dim.\u00a0aa<\/th>\n<th>A\u011f\u0131rl\u0131k (kg.)<\/th>\n<th>Tornavidalar i\u00e7in<\/th>\n<\/tr>\n<\/thead>\n<tbody>\n<tr>\n<td>EDU 1FR<br \/>\n<a href=\"https:\/\/kolver.it\/upl\/Manual%20FAB%20RAF%201FR%20ITA%20ENG.pdf\" target=\"_blank\" rel=\"noopener noreferrer\"><img loading=\"lazy\" title=\"El Kitab\u0131 FAB RAF 1FR ITA ENG\" src=\"https:\/\/kolver.it\/images\/icons\/acrobat_icon.gif\" alt=\"El Kitab\u0131 FAB RAF 1FR ITA ENG\" width=\"16\" height=\"16\" \/><\/a><\/td>\n<td>010.010 \/ FR<\/td>\n<td>Giri\u015f: 90-230V ac \u00e7\u0131k\u0131\u015f\u0131: 18-27V dc &#8211; g\u00fc\u00e7 120VA &#8211; yava\u015f ba\u015flatma ve ayarlanabilir h\u0131z<\/td>\n<td>138 x 118 x 67<\/td>\n<td>0.6<\/td>\n<td>FAB, RAF ve KBL Serisi<\/td>\n<\/tr>\n<tr>\n<td>EDU 1FR \/ SG<br \/>\n<a href=\"https:\/\/kolver.it\/upl\/Manual%20FAB%20RAF%201FR%20ITA%20ENG.pdf\" target=\"_blank\" rel=\"noopener noreferrer\"><img loading=\"lazy\" title=\"El Kitab\u0131 FAB RAF 1FR ITA ENG\" src=\"https:\/\/kolver.it\/images\/icons\/acrobat_icon.gif\" alt=\"El Kitab\u0131 FAB RAF 1FR ITA ENG\" width=\"16\" height=\"16\" \/><\/a><\/td>\n<td>010.010 \/ FR \/ SG<\/td>\n<td>yukar\u0131daki gibi &#8211; Giri\u015f: ba\u015flang\u0131\u00e7 \u200b\u200bve ters kontaklar \u00c7\u0131k\u0131\u015f: torka ula\u015f\u0131ld\u0131 ve kald\u0131ra\u00e7 sinyali<\/td>\n<td>138 x 118 x 67<\/td>\n<td>0.6<\/td>\n<td>FAB ve RAF Serisi<\/td>\n<\/tr>\n<tr>\n<td>EDU1BL<br \/>\n<a href=\"https:\/\/kolver.it\/upl\/Manual%20KBL%20ITA%20ENG.pdf\" target=\"_blank\" rel=\"noopener noreferrer\"><img loading=\"lazy\" title=\"El Kitab\u0131 KBL ITA ENG\" src=\"https:\/\/kolver.it\/images\/icons\/acrobat_icon.gif\" alt=\"El Kitab\u0131 KBL ITA ENG\" width=\"16\" height=\"16\" \/><\/a><\/td>\n<td>003000<\/td>\n<td>Ayarlanabilir h\u0131z<\/td>\n<td>138 x 118 x 67<\/td>\n<td>0.6<\/td>\n<td>KBL serisi<\/td>\n<\/tr>\n<tr>\n<td>EDU1BL \/ SG<br \/>\n<a href=\"https:\/\/kolver.it\/upl\/Manual%20KBL%20ITA%20ENG.pdf\" target=\"_blank\" rel=\"noopener noreferrer\"><img loading=\"lazy\" title=\"El Kitab\u0131 KBL ITA ENG\" src=\"https:\/\/kolver.it\/images\/icons\/acrobat_icon.gif\" alt=\"El Kitab\u0131 KBL ITA ENG\" width=\"16\" height=\"16\" \/><\/a><\/td>\n<td>003.000 \/ SG<\/td>\n<td>\u00c7\u0131k\u0131\u015f sinyalleri: tork, hata ve kol;\u00a0Giri\u015f sinyalleri: ba\u015flat, durdur ve geri<\/td>\n<td>138 x 118 x 67<\/td>\n<td>0.6<\/td>\n<td>KBL serisi<\/td>\n<\/tr>\n<tr>\n<td>EDU2AE<br \/>\n<a href=\"https:\/\/kolver.it\/upl\/Manual%20EDU%202AE.pdf\" target=\"_blank\" rel=\"noopener noreferrer\"><img loading=\"lazy\" title=\"Manuel EDU 2AE\" src=\"https:\/\/kolver.it\/images\/icons\/acrobat_icon.gif\" alt=\"Manuel EDU 2AE\" width=\"16\" height=\"16\" \/><\/a><\/td>\n<td>032000<\/td>\n<td>Kullan\u0131c\u0131 arabirimi ekranlar\u0131yla programlanabilir<\/td>\n<td>195 x 170 x 110<\/td>\n<td>2,40<\/td>\n<td>PLUTO serisi<\/td>\n<\/tr>\n<tr>\n<td>EDU2AE \/ FR<br \/>\n<a href=\"https:\/\/kolver.it\/upl\/Manual%20EDU%202AE%20FR.pdf\" target=\"_blank\" rel=\"noopener noreferrer\"><img loading=\"lazy\" title=\"Manuel EDU 2AE FR\" src=\"https:\/\/kolver.it\/images\/icons\/acrobat_icon.gif\" alt=\"Manuel EDU 2AE FR\" width=\"16\" height=\"16\" \/><\/a><\/td>\n<td>032000 \/ FR<\/td>\n<td>PLUTO..FR serisi i\u00e7in.\u00a0EDU2AE + \u00c7al\u0131\u015fma s\u00fcresi gibi, Ek sinyaller, Seri Ba\u011flant\u0131 Noktas\u0131, Arka panelde iste\u011fe ba\u011fl\u0131 tornavida konekt\u00f6r\u00fc<\/td>\n<td>195 x 170 x 110<\/td>\n<td>2,40<\/td>\n<td>PLUTO..FR Serisi<\/td>\n<\/tr>\n<tr>\n<td>EDU2AE \/ hPro<br \/>\n<a href=\"https:\/\/kolver.it\/upl\/Manual%20EDU%202AE.pdf\" target=\"_blank\" rel=\"noopener noreferrer\"><img loading=\"lazy\" title=\"Manuel EDU 2AE\" src=\"https:\/\/kolver.it\/images\/icons\/acrobat_icon.gif\" alt=\"Manuel EDU 2AE\" width=\"16\" height=\"16\" \/><\/a><\/td>\n<td>032000 \/ hPro<\/td>\n<td>EDU2AE + Tork de\u011feri, ek sinyaller, Seri Ba\u011flant\u0131 Noktas\u0131, seri bask\u0131, entegre vida sayac\u0131, Arka panelde iste\u011fe ba\u011fl\u0131 tornavida konekt\u00f6r\u00fc gibi<\/td>\n<td>195 x 170 x 110<\/td>\n<td>2,40<\/td>\n<td>PLUTO serisi<\/td>\n<\/tr>\n<tr>\n<td>EDU2AE \/ TOP<br \/>\n<a href=\"https:\/\/kolver.it\/upl\/Manual%20EDU%202AE-TOP-E_TA.pdf\" target=\"_blank\" rel=\"noopener noreferrer\"><img loading=\"lazy\" title=\"Manuel EDU 2AE-TOP-E_TA\" src=\"https:\/\/kolver.it\/images\/icons\/acrobat_icon.gif\" alt=\"Manuel EDU 2AE-TOP-E_TA\" width=\"16\" height=\"16\" \/><\/a><\/td>\n<td>032000 \/ \u00dcST<\/td>\n<td>8 farkl\u0131 program &#8211; barkod, soket tepsisi, anahtar kutusu ile se\u00e7im<\/td>\n<td>190 x 205 x 120<\/td>\n<td>2,50<\/td>\n<td>PLUTO serisi<\/td>\n<\/tr>\n<tr>\n<td>EDU2AE \/ \u00dcST \/ e<br \/>\n<a href=\"https:\/\/kolver.it\/upl\/Manual%20EDU%202AE-TOP-E_TA.pdf\" target=\"_blank\" rel=\"noopener noreferrer\"><img loading=\"lazy\" title=\"Manuel EDU 2AE-TOP-E_TA\" src=\"https:\/\/kolver.it\/images\/icons\/acrobat_icon.gif\" alt=\"Manuel EDU 2AE-TOP-E_TA\" width=\"16\" height=\"16\" \/><\/a><\/td>\n<td>032000 \/ \u00dcST \/ e<\/td>\n<td>USB ve PC \u00fczerinden EDU2AE \/ TOP + uzaktan programlama gibi (EDU EXPAND yaz\u0131l\u0131m\u0131 ile)<\/td>\n<td>190 x 205 x 120<\/td>\n<td>2,50<\/td>\n<td>PLUTO serisi<\/td>\n<\/tr>\n<tr>\n<td>EDU2AE \/ TOP \/ NT<br \/>\n<a href=\"https:\/\/kolver.it\/upl\/Manual%20EDU%202AE-TOP-E_TA_NATO.pdf\" target=\"_blank\" rel=\"noopener noreferrer\"><img loading=\"lazy\" title=\"Manuel EDU 2AE-TOP-E_TA_NATO\" src=\"https:\/\/kolver.it\/images\/icons\/acrobat_icon.gif\" alt=\"Manuel EDU 2AE-TOP-E_TA_NATO\" width=\"16\" height=\"16\" \/><\/a><\/td>\n<td>031000 \/ TOP \/ NT<\/td>\n<td>NATO tornavidalar\u0131 i\u00e7in &#8211; multiprogram<\/td>\n<td>200x170x110<\/td>\n<td>2,50<\/td>\n<td>NATO Serisi<\/td>\n<\/tr>\n<tr>\n<td>EDU2AE \/ TOP \/ NT \/ E<br \/>\n<a href=\"https:\/\/kolver.it\/upl\/Manual%20EDU%202AE-TOP-E_TA_NATO.pdf\" target=\"_blank\" rel=\"noopener noreferrer\"><img loading=\"lazy\" title=\"Manuel EDU 2AE-TOP-E_TA_NATO\" src=\"https:\/\/kolver.it\/images\/icons\/acrobat_icon.gif\" alt=\"Manuel EDU 2AE-TOP-E_TA_NATO\" width=\"16\" height=\"16\" \/><\/a><\/td>\n<td>031000 \/ TOP \/ NT \/ E<\/td>\n<td>NATO tornavida i\u00e7in &#8211; uzak PC ve USB programlama ile \u00e7oklu program<\/td>\n<td>200x170x110<\/td>\n<td>2,50<\/td>\n<td>NATO Serisi<\/td>\n<\/tr>\n<\/tbody>\n<\/table>\n","protected":false},"excerpt":{"rendered":"<p><a class=\"button button_left button_blue button_js kill_the_icon\" href=\"https:\/\/kolver.it\/upl\/Catalog%20-%20Control%20units.pdf\" target=\"_blank\" rel=\"noopener noreferrer\"><span class=\"button_label\">KATALOG &#8211; KONTROL \u00dcN\u0130TELER\u0130<\/span><\/a><br \/>\n<a class=\"button button_left button_blue button_js kill_the_icon\" href=\"https:\/\/kolver.it\/upl\/MANUAL%20-%20CONTROL%20UNITS.pdf\" target=\"_blank\" rel=\"noopener noreferrer\"><i class=\"icon-chart-line\"><\/i><span class=\"button_label\">MANUEL &#8211; KONTROL \u00dcN\u0130TELER\u0130<\/span><\/a><br \/>\n<a class=\"button button_left button_blue button_js kill_the_icon\" href=\"https:\/\/kolver.it\/upl\/EDU2AE_units_comparative_chart.pdf\" target=\"_blank\" rel=\"noopener noreferrer\"><i class=\"icon-info\"><\/i><span class=\"button_label\">EDU2AE_UN\u0130TS_COMPARAT\u0130VE_CHART<\/span><\/a><br \/>\n<a class=\"button button_left button_blue button_js kill_the_icon\" href=\"https:\/\/kolver.it\/upl\/Sicurezza_Warning%20(1).pdf\" target=\"_blank\" rel=\"noopener noreferrer\"><i class=\"icon-info\"><\/i><span class=\"button_label\">G\u00dcVENL\u0130K TAL\u0130MATLARI<\/span><\/a><\/p>\n","protected":false},"featured_media":2897,"comment_status":"open","ping_status":"closed","template":"","meta":[],"product_cat":[15],"product_tag":[],"_links":{"self":[{"href":"https:\/\/kolver-turkiye.com\/index.php?rest_route=\/wp\/v2\/product\/2896"}],"collection":[{"href":"https:\/\/kolver-turkiye.com\/index.php?rest_route=\/wp\/v2\/product"}],"about":[{"href":"https:\/\/kolver-turkiye.com\/index.php?rest_route=\/wp\/v2\/types\/product"}],"replies":[{"embeddable":true,"href":"https:\/\/kolver-turkiye.com\/index.php?rest_route=%2Fwp%2Fv2%2Fcomments&post=2896"}],"wp:featuredmedia":[{"embeddable":true,"href":"https:\/\/kolver-turkiye.com\/index.php?rest_route=\/wp\/v2\/media\/2897"}],"wp:attachment":[{"href":"https:\/\/kolver-turkiye.com\/index.php?rest_route=%2Fwp%2Fv2%2Fmedia&parent=2896"}],"wp:term":[{"taxonomy":"product_cat","embeddable":true,"href":"https:\/\/kolver-turkiye.com\/index.php?rest_route=%2Fwp%2Fv2%2Fproduct_cat&post=2896"},{"taxonomy":"product_tag","embeddable":true,"href":"https:\/\/kolver-turkiye.com\/index.php?rest_route=%2Fwp%2Fv2%2Fproduct_tag&post=2896"}],"curies":[{"name":"wp","href":"https:\/\/api.w.org\/{rel}","templated":true}]}}