{"id":2894,"date":"2020-01-05T20:24:12","date_gmt":"2020-01-05T20:24:12","guid":{"rendered":"https:\/\/kolver-turkiye.com\/?post_type=product&#038;p=2894"},"modified":"2024-05-14T13:35:17","modified_gmt":"2024-05-14T13:35:17","slug":"acili-tornavidalar-ve-somun-sikicilar","status":"publish","type":"product","link":"https:\/\/kolver-turkiye.com\/?product=acili-tornavidalar-ve-somun-sikicilar","title":{"rendered":"A\u00e7\u0131l\u0131 Tornavidalar ve Somun S\u0131k\u0131c\u0131lar"},"content":{"rendered":"<p>Kolver elektrikli dik a\u00e7\u0131l\u0131 tornavidalar ve somun s\u0131k\u0131c\u0131lar, ula\u015f\u0131lmas\u0131 zor uygulamalarda kolay eri\u015fim, d\u00fc\u015f\u00fck g\u00fcr\u00fclt\u00fc ve titre\u015fimler i\u00e7in, y\u00fcksek tork seviyesinde bile operat\u00f6re minimum tepki torku i\u00e7in kullan\u0131l\u0131r.\u00a0FAB ve RAF serileri, farkl\u0131 montaj gereksinimleri i\u00e7in farkl\u0131 h\u0131zlara sahip geni\u015f bir tork aral\u0131\u011f\u0131na sahiptir.\u00a0Kontrol \u00fcnitelerinin elektronik kontrol devresi, \u00f6nceden ayarlanm\u0131\u015f torka ula\u015f\u0131ld\u0131\u011f\u0131nda debriyaj hareketine yan\u0131t olarak motora g\u00fc\u00e7 beslemesini keser.\u00a0ESD korumal\u0131 muhafaza ile standart olan kol \u00e7al\u0131\u015ft\u0131rma modelleri, ANG HD8 a\u00e7\u0131l\u0131 kafa (FAB tornavidalar i\u00e7in) ve ANG HD9 (RAF tornavidalar i\u00e7in) ile uyumludur.\u00a0T\u00fcm ayr\u0131nt\u0131lar i\u00e7in FAB ve RAF sayfalar\u0131n\u0131 ziyaret edin.<\/p>\n<p>PLUTO a\u00e7\u0131l\u0131 somun s\u0131k\u0131c\u0131lar, eri\u015filebilirli\u011fin kritik bir fakt\u00f6r oldu\u011fu zorlu uygulamalar i\u00e7in idealdir.\u00a0\u00d6nceden ayarlanm\u0131\u015f torka ula\u015f\u0131ld\u0131\u011f\u0131nda aleti otomatik olarak kapatmak i\u00e7in kontrol cihaz\u0131 \u00fczerindeki d\u00fc\u011fmelerle manuel olarak ayarlanan tamamen elektronik tork kontrol sistemi.\u00a0Hafif, \u00e7ok d\u00fc\u015f\u00fck g\u00fcr\u00fclt\u00fc seviyesi ve geni\u015f tork yelpazesi onu pn\u00f6matik sistemlere ger\u00e7ek bir alternatif haline getirir.<\/p>\n<p>\u00d6NEML\u0130: Tork aral\u0131\u011f\u0131n\u0131n% 80&#8217;inden fazla s\u00fcrekli kullan\u0131lmas\u0131 \u00f6nerilmez.<\/p>\n<p>&nbsp;<\/p>\n<table>\n<thead class=\"hidden-xs hidden-sm\">\n<tr>\n<th>model<\/th>\n<th>kod<\/th>\n<th>Tork Nm<\/th>\n<th>RPM Dak<\/th>\n<th>Maks. RPM<\/th>\n<th>\u00c7\u0131kt\u0131<\/th>\n<th>U x \u00d8 mm<\/th>\n<th>Kontrol Paneli<\/th>\n<th>Statik Enerji<\/th>\n<\/tr>\n<\/thead>\n<tbody>\n<tr>\n<td>PLUTO03ANG<br \/>\n<a href=\"https:\/\/kolver.it\/upl\/Manual%20PLUTO%20ITA_ENG_Multilanguage%20151119.pdf\" target=\"_blank\" rel=\"noopener noreferrer\"><img loading=\"lazy\" title=\"El Kitab\u0131 PLUTO ITA_ENG_Multilanguage 151119\" src=\"https:\/\/kolver.it\/images\/icons\/acrobat_icon.gif\" alt=\"El Kitab\u0131 PLUTO ITA_ENG_Multilanguage 151119\" width=\"16\" height=\"16\" \/><\/a>\u00a0<a href=\"https:\/\/kolver.it\/upl\/Dimensional%20drawing%20-%20Ingombro%20Pluto%203-6-10TA-ANG.PDF\" target=\"_blank\" rel=\"noopener noreferrer\"><img loading=\"lazy\" title=\"Teknik \u00e7izim - Ingombro Pluto 3-6-10TA-ANG\" src=\"https:\/\/kolver.it\/images\/icons\/acrobat_icon.gif\" alt=\"Teknik \u00e7izim - Ingombro Pluto 3-6-10TA-ANG\" width=\"16\" height=\"16\" \/><\/a><\/td>\n<td>130.203 \/ A<\/td>\n<td>0,5-3,0<\/td>\n<td>370<\/td>\n<td>1300<\/td>\n<td>Onalt\u0131l\u0131 1\/4<\/td>\n<td>261&#215;40<\/td>\n<td>EDU2AE Serisi<\/td>\n<td>Sat\u0131r i\u00e7i ESD<\/td>\n<\/tr>\n<tr>\n<td>PLUTO5FR \/ ANG<br \/>\n<a href=\"https:\/\/kolver.it\/upl\/PLUTOFR-ANG%20disegni_dimensional%20drawing.PDF\" target=\"_blank\" rel=\"noopener noreferrer\"><img loading=\"lazy\" title=\"PLUTOFR-ANG boyutsal \u00e7izim\" src=\"https:\/\/kolver.it\/images\/icons\/acrobat_icon.gif\" alt=\"PLUTOFR-ANG boyutsal \u00e7izim\" width=\"16\" height=\"16\" \/><\/a><\/td>\n<td>131.205 \/ A<\/td>\n<td>0,7-5,0<\/td>\n<td>600<\/td>\n<td>1000<\/td>\n<td>Onalt\u0131l\u0131 1\/4<\/td>\n<td>336&#215;40<\/td>\n<td>EDU2AE Serisi<\/td>\n<td>Sat\u0131r i\u00e7i ESD<\/td>\n<\/tr>\n<tr>\n<td>PLUTO06ANG<br \/>\n<a href=\"https:\/\/kolver.it\/upl\/Manual%20PLUTO%20ITA_ENG_Multilanguage%20151119.pdf\" target=\"_blank\" rel=\"noopener noreferrer\"><img loading=\"lazy\" title=\"El Kitab\u0131 PLUTO ITA_ENG_Multilanguage 151119\" src=\"https:\/\/kolver.it\/images\/icons\/acrobat_icon.gif\" alt=\"El Kitab\u0131 PLUTO ITA_ENG_Multilanguage 151119\" width=\"16\" height=\"16\" \/><\/a>\u00a0<a href=\"https:\/\/kolver.it\/upl\/Dimensional%20drawing%20-%20Ingombro%20Pluto%203-6-10TA-ANG.PDF\" target=\"_blank\" rel=\"noopener noreferrer\"><img loading=\"lazy\" title=\"Teknik \u00e7izim - Ingombro Pluto 3-6-10TA-ANG\" src=\"https:\/\/kolver.it\/images\/icons\/acrobat_icon.gif\" alt=\"Teknik \u00e7izim - Ingombro Pluto 3-6-10TA-ANG\" width=\"16\" height=\"16\" \/><\/a><\/td>\n<td>130.206 \/ A<\/td>\n<td>0,85-6,0<\/td>\n<td>200<\/td>\n<td>850<\/td>\n<td>Onalt\u0131l\u0131 1\/4<\/td>\n<td>261&#215;40<\/td>\n<td>EDU2AE Serisi<\/td>\n<td>Sat\u0131r i\u00e7i ESD<\/td>\n<\/tr>\n<tr>\n<td>PLUTO7FR \/ ANG<br \/>\n<a href=\"https:\/\/kolver.it\/upl\/PLUTOFR-ANG%20disegni_dimensional%20drawing.PDF\" target=\"_blank\" rel=\"noopener noreferrer\"><img loading=\"lazy\" title=\"PLUTOFR-ANG boyutsal \u00e7izim\" src=\"https:\/\/kolver.it\/images\/icons\/acrobat_icon.gif\" alt=\"PLUTOFR-ANG boyutsal \u00e7izim\" width=\"16\" height=\"16\" \/><\/a>\u00a0<a href=\"https:\/\/kolver.it\/upl\/Manual%20PLUTO%20FR.pdf\" target=\"_blank\" rel=\"noopener noreferrer\"><img loading=\"lazy\" title=\"Manuel PLUTO FR\" src=\"https:\/\/kolver.it\/images\/icons\/acrobat_icon.gif\" alt=\"Manuel PLUTO FR\" width=\"16\" height=\"16\" \/><\/a><\/td>\n<td>131.207 \/ A<\/td>\n<td>1,5-7,0<\/td>\n<td>350<\/td>\n<td>600<\/td>\n<td>Onalt\u0131l\u0131 1\/4<\/td>\n<td>336&#215;40<\/td>\n<td>EDU2AE Serisi<\/td>\n<td>Sat\u0131r i\u00e7i ESD<\/td>\n<\/tr>\n<tr>\n<td>PLUTO08ANG<br \/>\n<a href=\"https:\/\/kolver.it\/upl\/Manual%20PLUTO%20ITA_ENG_Multilanguage%20151119.pdf\" target=\"_blank\" rel=\"noopener noreferrer\"><img loading=\"lazy\" title=\"El Kitab\u0131 PLUTO ITA_ENG_Multilanguage 151119\" src=\"https:\/\/kolver.it\/images\/icons\/acrobat_icon.gif\" alt=\"El Kitab\u0131 PLUTO ITA_ENG_Multilanguage 151119\" width=\"16\" height=\"16\" \/><\/a>\u00a0<a href=\"https:\/\/kolver.it\/upl\/Dimensional%20drawing%20-%20Ingombro%20Pluto%203-6-10TA-ANG.PDF\" target=\"_blank\" rel=\"noopener noreferrer\"><img loading=\"lazy\" title=\"Teknik \u00e7izim - Ingombro Pluto 3-6-10TA-ANG\" src=\"https:\/\/kolver.it\/images\/icons\/acrobat_icon.gif\" alt=\"Teknik \u00e7izim - Ingombro Pluto 3-6-10TA-ANG\" width=\"16\" height=\"16\" \/><\/a><\/td>\n<td>130208<\/td>\n<td>1,5-8,0<\/td>\n<td>110<\/td>\n<td>600<\/td>\n<td>Onalt\u0131l\u0131 1\/4<\/td>\n<td>261&#215;40<\/td>\n<td>EDU2AE Serisi<\/td>\n<td>Sat\u0131r i\u00e7i ESD<\/td>\n<\/tr>\n<tr>\n<td>PLUTO15ANG<br \/>\n<a href=\"https:\/\/kolver.it\/upl\/Drawing%20Puto%2015Ang.PDF\" target=\"_blank\" rel=\"noopener noreferrer\"><img loading=\"lazy\" title=\"\u00c7izim Puto 15Ang\" src=\"https:\/\/kolver.it\/images\/icons\/acrobat_icon.gif\" alt=\"\u00c7izim Puto 15Ang\" width=\"16\" height=\"16\" \/><\/a>\u00a0<a href=\"https:\/\/kolver.it\/upl\/Manual%20PLUTO%20ITA_ENG_Multilanguage%20151119.pdf\" target=\"_blank\" rel=\"noopener noreferrer\"><img loading=\"lazy\" title=\"El Kitab\u0131 PLUTO ITA_ENG_Multilanguage 151119\" src=\"https:\/\/kolver.it\/images\/icons\/acrobat_icon.gif\" alt=\"El Kitab\u0131 PLUTO ITA_ENG_Multilanguage 151119\" width=\"16\" height=\"16\" \/><\/a><\/td>\n<td>130.216 \/ A<\/td>\n<td>2,0-13,0<\/td>\n<td>100<\/td>\n<td>320<\/td>\n<td>Sq 3\/8<\/td>\n<td>302&#215;40<\/td>\n<td>EDU2AE Serisi<\/td>\n<td>Sat\u0131r i\u00e7i ESD<\/td>\n<\/tr>\n<tr>\n<td>PLUTO20ANG<br \/>\n<a href=\"https:\/\/kolver.it\/upl\/PLUTO%2020%20CA-ANG-SR.PDF\" target=\"_blank\" rel=\"noopener noreferrer\"><img loading=\"lazy\" title=\"PLUTO 20 CA-ANG-SR\" src=\"https:\/\/kolver.it\/images\/icons\/acrobat_icon.gif\" alt=\"PLUTO 20 CA-ANG-SR\" width=\"16\" height=\"16\" \/><\/a>\u00a0<a href=\"https:\/\/kolver.it\/upl\/Manual%20PLUTO%20ITA_ENG_Multilanguage%20151119.pdf\" target=\"_blank\" rel=\"noopener noreferrer\"><img loading=\"lazy\" title=\"El Kitab\u0131 PLUTO ITA_ENG_Multilanguage 151119\" src=\"https:\/\/kolver.it\/images\/icons\/acrobat_icon.gif\" alt=\"El Kitab\u0131 PLUTO ITA_ENG_Multilanguage 151119\" width=\"16\" height=\"16\" \/><\/a><\/td>\n<td>133220<\/td>\n<td>3,0-18,0<\/td>\n<td>60<\/td>\n<td>200<\/td>\n<td>Sq 3\/8<\/td>\n<td>435&#215;54<\/td>\n<td>EDU2AE Serisi<\/td>\n<td>Ba\u015flat \/ Geri d\u00fc\u011fmeli al\u00fcminyum g\u00f6vde<\/td>\n<\/tr>\n<tr>\n<td>PLUTO30ANG<br \/>\n<a href=\"https:\/\/kolver.it\/upl\/Pluto%2030ANG.PDF\" target=\"_blank\" rel=\"noopener noreferrer\"><img loading=\"lazy\" title=\"Pluto 30ANG boyutlu \u00e7izim\" src=\"https:\/\/kolver.it\/images\/icons\/acrobat_icon.gif\" alt=\"Pluto 30ANG boyutlu \u00e7izim\" width=\"16\" height=\"16\" \/><\/a>\u00a0<a href=\"https:\/\/kolver.it\/upl\/Manual%20PLUTO%20ITA_ENG_Multilanguage%20151119.pdf\" target=\"_blank\" rel=\"noopener noreferrer\"><img loading=\"lazy\" title=\"El Kitab\u0131 PLUTO ITA_ENG_Multilanguage 151119\" src=\"https:\/\/kolver.it\/images\/icons\/acrobat_icon.gif\" alt=\"El Kitab\u0131 PLUTO ITA_ENG_Multilanguage 151119\" width=\"16\" height=\"16\" \/><\/a><\/td>\n<td>133231<\/td>\n<td>6,0-30,0<\/td>\n<td>30<\/td>\n<td>130<\/td>\n<td>Sq 3\/8<\/td>\n<td>435&#215;54<\/td>\n<td>EDU2AE Serisi<\/td>\n<td>Ba\u015flat \/ Geri d\u00fc\u011fmeli al\u00fcminyum g\u00f6vde<\/td>\n<\/tr>\n<tr>\n<td>PLUTO45ANG<br \/>\n<a href=\"https:\/\/kolver.it\/upl\/Pluto%2045ANG.PDF\" target=\"_blank\" rel=\"noopener noreferrer\"><img loading=\"lazy\" title=\"Pluto 45ANG boyutlu \u00e7izim\" src=\"https:\/\/kolver.it\/images\/icons\/acrobat_icon.gif\" alt=\"Pluto 45ANG boyutlu \u00e7izim\" width=\"16\" height=\"16\" \/><\/a>\u00a0<a href=\"https:\/\/kolver.it\/upl\/Manual%20PLUTO%20ITA_ENG_Multilanguage%20151119.pdf\" target=\"_blank\" rel=\"noopener noreferrer\"><img loading=\"lazy\" title=\"El Kitab\u0131 PLUTO ITA_ENG_Multilanguage 151119\" src=\"https:\/\/kolver.it\/images\/icons\/acrobat_icon.gif\" alt=\"El Kitab\u0131 PLUTO ITA_ENG_Multilanguage 151119\" width=\"16\" height=\"16\" \/><\/a><\/td>\n<td>133245<\/td>\n<td>10-45<\/td>\n<td>25<\/td>\n<td>90<\/td>\n<td>Metrekare 1\/2<\/td>\n<td>445&#215;57<\/td>\n<td>EDU2AE Serisi<\/td>\n<td>Ba\u015flat \/ Geri d\u00fc\u011fmeli al\u00fcminyum g\u00f6vde<\/td>\n<\/tr>\n<tr>\n<td>PLUTO70ANG<br \/>\n<a href=\"https:\/\/kolver.it\/upl\/Pluto%2070ANG.PDF\" target=\"_blank\" rel=\"noopener noreferrer\"><img loading=\"lazy\" title=\"Pluto 70ANG boyutlu \u00e7izim\" src=\"https:\/\/kolver.it\/images\/icons\/acrobat_icon.gif\" alt=\"Pluto 70ANG boyutlu \u00e7izim\" width=\"16\" height=\"16\" \/><\/a>\u00a0<a href=\"https:\/\/kolver.it\/upl\/Manual%20PLUTO%20ITA_ENG_Multilanguage%20151119.pdf\" target=\"_blank\" rel=\"noopener noreferrer\"><img loading=\"lazy\" title=\"El Kitab\u0131 PLUTO ITA_ENG_Multilanguage 151119\" src=\"https:\/\/kolver.it\/images\/icons\/acrobat_icon.gif\" alt=\"El Kitab\u0131 PLUTO ITA_ENG_Multilanguage 151119\" width=\"16\" height=\"16\" \/><\/a><\/td>\n<td>133270<\/td>\n<td>15-70<\/td>\n<td>25<\/td>\n<td>50<\/td>\n<td>Metrekare 1\/2<\/td>\n<td>457&#215;57<\/td>\n<td>EDU2AE Serisi<\/td>\n<td>Ba\u015flat \/ Geri d\u00fc\u011fmeli al\u00fcminyum g\u00f6vde<\/td>\n<\/tr>\n<\/tbody>\n<\/table>\n<table>\n<thead class=\"hidden-xs hidden-sm\">\n<tr>\n<th>model<\/th>\n<th>kod<\/th>\n<th>Tork aral\u0131\u011f\u0131 Nm<\/th>\n<th>RPM Dak<\/th>\n<th>Maks. RPM<\/th>\n<th>\u00c7\u0131kt\u0131<\/th>\n<th>U x \u00d8 mm<\/th>\n<th>kontrol\u00f6r<\/th>\n<th>Konut se\u00e7ene\u011fi<\/th>\n<\/tr>\n<\/thead>\n<tbody>\n<tr>\n<td>KBL04FR \/ ANG<br \/>\n<a href=\"https:\/\/kolver.it\/upl\/KBL%204-15FR_ANG%20ingombro-drawing.PDF\" target=\"_blank\" rel=\"noopener noreferrer\"><img loading=\"lazy\" title=\"KBL 4-15FR_ANG Instagram Hesab\u0131ndaki Resim ve Videolar\u0131 ingombro-drawing\" src=\"https:\/\/kolver.it\/images\/icons\/acrobat_icon.gif\" alt=\"KBL 4-15FR_ANG Instagram Hesab\u0131ndaki Resim ve Videolar\u0131 ingombro-drawing\" width=\"16\" height=\"16\" \/><\/a>\u00a0<a href=\"https:\/\/kolver.it\/upl\/Manual%20KBL%20ITA%20ENG.pdf\" target=\"_blank\" rel=\"noopener noreferrer\"><img loading=\"lazy\" title=\"El Kitab\u0131 KBL ITA ENG\" src=\"https:\/\/kolver.it\/images\/icons\/acrobat_icon.gif\" alt=\"El Kitab\u0131 KBL ITA ENG\" width=\"16\" height=\"16\" \/><\/a><\/td>\n<td>190.004 \/ A<\/td>\n<td>0,04-0,4<\/td>\n<td>650<\/td>\n<td>1000<\/td>\n<td>Onalt\u0131l\u0131 1\/4<\/td>\n<td>355&#215;47<\/td>\n<td>EDU1BL<\/td>\n<td>Sat\u0131r i\u00e7i ESD<\/td>\n<\/tr>\n<tr>\n<td>KBL15FR \/ ANG<br \/>\n<a href=\"https:\/\/kolver.it\/upl\/KBL%204-15FR_ANG%20ingombro-drawing.PDF\" target=\"_blank\" rel=\"noopener noreferrer\"><img loading=\"lazy\" title=\"KBL 4-15FR_ANG Instagram Hesab\u0131ndaki Resim ve Videolar\u0131 ingombro-drawing\" src=\"https:\/\/kolver.it\/images\/icons\/acrobat_icon.gif\" alt=\"KBL 4-15FR_ANG Instagram Hesab\u0131ndaki Resim ve Videolar\u0131 ingombro-drawing\" width=\"16\" height=\"16\" \/><\/a>\u00a0<a href=\"https:\/\/kolver.it\/upl\/Manual%20KBL%20ITA%20ENG.pdf\" target=\"_blank\" rel=\"noopener noreferrer\"><img loading=\"lazy\" title=\"El Kitab\u0131 KBL ITA ENG\" src=\"https:\/\/kolver.it\/images\/icons\/acrobat_icon.gif\" alt=\"El Kitab\u0131 KBL ITA ENG\" width=\"16\" height=\"16\" \/><\/a><\/td>\n<td>190.015 \/ A<\/td>\n<td>0,4-1,5<\/td>\n<td>650<\/td>\n<td>1000<\/td>\n<td>Onalt\u0131l\u0131 1\/4<\/td>\n<td>355&#215;47<\/td>\n<td>EDU1BL<\/td>\n<td>Sat\u0131r i\u00e7i ESD<\/td>\n<\/tr>\n<tr>\n<td>KBL30FR \/ ANG<br \/>\n<a href=\"https:\/\/kolver.it\/upl\/KBL%2030FR_ANG%20ingombro-drawing.PDF\" target=\"_blank\" rel=\"noopener noreferrer\"><img loading=\"lazy\" title=\"KBL 30FR_ANG Instagram Hesab\u0131ndaki Resim ve Videolar\u0131 ingombro-drawing\" src=\"https:\/\/kolver.it\/images\/icons\/acrobat_icon.gif\" alt=\"KBL 30FR_ANG Instagram Hesab\u0131ndaki Resim ve Videolar\u0131 ingombro-drawing\" width=\"16\" height=\"16\" \/><\/a>\u00a0<a href=\"https:\/\/kolver.it\/upl\/Manual%20KBL%20ITA%20ENG.pdf\" target=\"_blank\" rel=\"noopener noreferrer\"><img loading=\"lazy\" title=\"El Kitab\u0131 KBL ITA ENG\" src=\"https:\/\/kolver.it\/images\/icons\/acrobat_icon.gif\" alt=\"El Kitab\u0131 KBL ITA ENG\" width=\"16\" height=\"16\" \/><\/a><\/td>\n<td>190.030 \/ A<\/td>\n<td>0,7-3,0<\/td>\n<td>650<\/td>\n<td>1000<\/td>\n<td>Onalt\u0131l\u0131 1\/4<\/td>\n<td>355&#215;47<\/td>\n<td>EDU1BL<\/td>\n<td>Sat\u0131r i\u00e7i ESD<\/td>\n<\/tr>\n<tr>\n<td>KBL40FR \/ ANG<br \/>\n<a href=\"https:\/\/kolver.it\/upl\/KBL%2030FR_ANG%20ingombro-drawing.PDF\" target=\"_blank\" rel=\"noopener noreferrer\"><img loading=\"lazy\" title=\"KBL 30FR_ANG Instagram Hesab\u0131ndaki Resim ve Videolar\u0131 ingombro-drawing\" src=\"https:\/\/kolver.it\/images\/icons\/acrobat_icon.gif\" alt=\"KBL 30FR_ANG Instagram Hesab\u0131ndaki Resim ve Videolar\u0131 ingombro-drawing\" width=\"16\" height=\"16\" \/><\/a>\u00a0<a href=\"https:\/\/kolver.it\/upl\/Manual%20KBL%20ITA%20ENG.pdf\" target=\"_blank\" rel=\"noopener noreferrer\"><img loading=\"lazy\" title=\"El Kitab\u0131 KBL ITA ENG\" src=\"https:\/\/kolver.it\/images\/icons\/acrobat_icon.gif\" alt=\"El Kitab\u0131 KBL ITA ENG\" width=\"16\" height=\"16\" \/><\/a><\/td>\n<td>190.040 \/ A<\/td>\n<td>0,9-4,0<\/td>\n<td>450<\/td>\n<td>750<\/td>\n<td>Onalt\u0131l\u0131 1\/4<\/td>\n<td>355&#215;47<\/td>\n<td>EDU1BL<\/td>\n<td>Sat\u0131r i\u00e7i ESD<\/td>\n<\/tr>\n<\/tbody>\n<\/table>\n","protected":false},"excerpt":{"rendered":"<div class=\"column_attr\"><a class=\"button button_left button_blue button_js kill_the_icon\" href=\"https:\/\/kolver.it\/upl\/Catalog%20-%20Angle%20Screwdrivers.pdf\" target=\"_blank\" rel=\"noopener noreferrer\"><span class=\"button_label\">KATALOG &#8211; A\u00c7ILI TORNAV\u0130DALAR<\/span><\/a><br \/>\n<a class=\"button button_left button_blue button_js kill_the_icon\" href=\"https:\/\/kolver.it\/upl\/MANUAL%20-%20PLUTO-ANG_KBL-ANG%20SERIES.pdf\" target=\"_blank\" rel=\"noopener noreferrer\"><i class=\"icon-chart-line\"><\/i><span class=\"button_label\">MANUEL &#8211; PLUTO-ANG_KBL-ANG SER\u0130S\u0130<\/span><\/a><br \/>\n<a class=\"button button_left button_blue button_js kill_the_icon\" href=\"https:\/\/kolver.it\/upl\/Sicurezza_Warning%20(1).pdf\" target=\"_blank\" rel=\"noopener noreferrer\"><i class=\"icon-info\"><\/i><span class=\"button_label\">G\u00dcVENL\u0130K TAL\u0130MATLARI<\/span><\/a><\/div>\n","protected":false},"featured_media":2895,"comment_status":"open","ping_status":"closed","template":"","meta":[],"product_cat":[15],"product_tag":[],"_links":{"self":[{"href":"https:\/\/kolver-turkiye.com\/index.php?rest_route=\/wp\/v2\/product\/2894"}],"collection":[{"href":"https:\/\/kolver-turkiye.com\/index.php?rest_route=\/wp\/v2\/product"}],"about":[{"href":"https:\/\/kolver-turkiye.com\/index.php?rest_route=\/wp\/v2\/types\/product"}],"replies":[{"embeddable":true,"href":"https:\/\/kolver-turkiye.com\/index.php?rest_route=%2Fwp%2Fv2%2Fcomments&post=2894"}],"wp:featuredmedia":[{"embeddable":true,"href":"https:\/\/kolver-turkiye.com\/index.php?rest_route=\/wp\/v2\/media\/2895"}],"wp:attachment":[{"href":"https:\/\/kolver-turkiye.com\/index.php?rest_route=%2Fwp%2Fv2%2Fmedia&parent=2894"}],"wp:term":[{"taxonomy":"product_cat","embeddable":true,"href":"https:\/\/kolver-turkiye.com\/index.php?rest_route=%2Fwp%2Fv2%2Fproduct_cat&post=2894"},{"taxonomy":"product_tag","embeddable":true,"href":"https:\/\/kolver-turkiye.com\/index.php?rest_route=%2Fwp%2Fv2%2Fproduct_tag&post=2894"}],"curies":[{"name":"wp","href":"https:\/\/api.w.org\/{rel}","templated":true}]}}