{"id":2954,"date":"2020-01-06T20:50:07","date_gmt":"2020-01-06T20:50:07","guid":{"rendered":"https:\/\/kolver-turkiye.com\/?page_id=2954"},"modified":"2020-03-07T20:54:19","modified_gmt":"2020-03-07T20:54:19","slug":"iletisim","status":"publish","type":"page","link":"https:\/\/kolver-turkiye.com\/?page_id=2954","title":{"rendered":"\u0130leti\u015fim"},"content":{"rendered":"<p>[vc_row][vc_column width=&#8221;1\/4&#8243;][vc_column_text text_larger=&#8221;no&#8221;]<\/p>\n<div class=\"wpb_text_column wpb_content_element\">\n<div class=\"wpb_wrapper\">\n<h4 class=\"rt-heading style-6\">Kocaeli Merkez<\/h4>\n<\/div>\n<\/div>\n<div class=\"wpb_text_column wpb_content_element\">\n<div class=\"wpb_wrapper\">\n<ul class=\"elementor-icon-list-items\">\n<li class=\"elementor-icon-list-item\"><span class=\"elementor-icon-list-text\">Adres : Osman Y\u0131lmaz Mah. Mehmet Akif Ersoy Cad. 622 Sok. No:52 Gebze \/ KOCAEL\u0130<\/span><\/li>\n<li class=\"elementor-icon-list-item\"><span class=\"elementor-icon-list-text\">Tel : 0262 643 43 39<\/span><\/li>\n<li class=\"elementor-icon-list-item\"><i class=\"rt-elementor-icon icon-basic-smartphone\" aria-hidden=\"true\"><\/i><span class=\"elementor-icon-list-text\">Cep : 0541 452 60 58<\/span><\/li>\n<li class=\"elementor-icon-list-item\"><i class=\"fa fa-fax\" aria-hidden=\"true\"><\/i><span class=\"elementor-icon-list-text\">Fax : 0262 644 30 07<\/span><\/li>\n<li class=\"elementor-icon-list-item\"><i class=\"rt-elementor-icon icon-basic-mail\" aria-hidden=\"true\"><\/i><span class=\"elementor-icon-list-text\">info@ketenpnomatik.com.tr<\/span><\/li>\n<\/ul>\n<\/div>\n<\/div>\n<p>&nbsp;[\/vc_column_text][\/vc_column][vc_column width=&#8221;1\/4&#8243;][vc_column_text text_larger=&#8221;no&#8221;]<\/p>\n<div class=\"wpb_text_column wpb_content_element\">\n<div class=\"wpb_wrapper\">\n<div class=\"wpb_text_column wpb_content_element\">\n<div class=\"wpb_wrapper\">\n<h4 class=\"rt-heading style-6\">Manisa \u015eube<\/h4>\n<\/div>\n<\/div>\n<div class=\"wpb_text_column wpb_content_element\">\n<div class=\"wpb_wrapper\">\n<ul class=\"elementor-icon-list-items\">\n<li class=\"elementor-icon-list-item\"><span class=\"elementor-icon-list-text\">Adres : 75.y\u0131l Mah. 5307 Sok. No:17\/A Yunusemre \/ MAN\u0130SA<\/span><\/li>\n<li class=\"elementor-icon-list-item\"><i class=\"rt-elementor-icon icon-phone\" aria-hidden=\"true\"><\/i><span class=\"elementor-icon-list-text\">Tel : 0236 236 41 45<\/span><\/li>\n<li class=\"elementor-icon-list-item\"><i class=\"rt-elementor-icon icon-basic-smartphone\" aria-hidden=\"true\"><\/i><span class=\"elementor-icon-list-text\">Cep : 0532 652 41 45<\/span><\/li>\n<li class=\"elementor-icon-list-item\"><i class=\"fa fa-fax\" aria-hidden=\"true\"><\/i><span class=\"elementor-icon-list-text\">Fax : 0236 302 45 41<\/span><\/li>\n<li class=\"elementor-icon-list-item\"><i class=\"rt-elementor-icon icon-basic-mail\" aria-hidden=\"true\"><\/i><span class=\"elementor-icon-list-text\">manisa@ketenpnomatik.com.tr<\/span><\/li>\n<\/ul>\n<\/div>\n<\/div>\n<\/div>\n<\/div>\n<p>&nbsp;[\/vc_column_text][\/vc_column][vc_column width=&#8221;1\/4&#8243;][vc_column_text text_larger=&#8221;no&#8221;]<\/p>\n<div class=\"wpb_text_column wpb_content_element\">\n<div class=\"wpb_wrapper\">\n<h4 class=\"rt-heading style-6\">Ankara \u015eube<\/h4>\n<\/div>\n<\/div>\n<div class=\"wpb_text_column wpb_content_element\">\n<div class=\"wpb_wrapper\">\n<ul class=\"elementor-icon-list-items\">\n<li class=\"elementor-icon-list-item\"><span class=\"elementor-icon-list-text\">Adres : G\u00f6k\u00e7ek Mah. 362 Cad. No:44 B\/15 Sincan\/ ANKARA<\/span><\/li>\n<li class=\"elementor-icon-list-item\"><i class=\"rt-elementor-icon icon-phone\" aria-hidden=\"true\"><\/i><span class=\"elementor-icon-list-text\">Tel : 0312 267 54 56<\/span><\/li>\n<li class=\"elementor-icon-list-item\"><i class=\"rt-elementor-icon icon-basic-smartphone\" aria-hidden=\"true\"><\/i><span class=\"elementor-icon-list-text\">Cep : 0545 452 60 58<\/span><\/li>\n<li class=\"elementor-icon-list-item\"><i class=\"fa fa-fax\" aria-hidden=\"true\"><\/i><span class=\"elementor-icon-list-text\">Fax : 0312 267 54 56<\/span><\/li>\n<li class=\"elementor-icon-list-item\"><i class=\"rt-elementor-icon icon-basic-mail\" aria-hidden=\"true\"><\/i><span class=\"elementor-icon-list-text\">E-posta : info@ketenendustriyel.com<\/span><\/li>\n<\/ul>\n<\/div>\n<\/div>\n<p>[\/vc_column_text][\/vc_column][vc_column width=&#8221;1\/4&#8243;][vc_column_text text_larger=&#8221;no&#8221;]<\/p>\n<div class=\"wpb_text_column wpb_content_element\">\n<div class=\"wpb_wrapper\">\n<h4 class=\"rt-heading style-6\">Bursa \u015eube<\/h4>\n<\/div>\n<\/div>\n<div class=\"wpb_text_column wpb_content_element\">\n<div class=\"wpb_wrapper\">\n<ul class=\"elementor-icon-list-items\">\n<li class=\"elementor-icon-list-item\">Samet TOPSEVER \/ Home Office\u00a0 \u2013\u00a0<b>Bursa<\/b>\u00a0B\u00f6lgesi sat\u0131\u015f temsilcimiz<\/li>\n<li class=\"elementor-icon-list-item\"><span lang=\"DE\">Cep: 0542 485 41 45<\/span><i class=\"fa fa-fax\" aria-hidden=\"true\"><\/i><\/li>\n<li class=\"elementor-icon-list-item\"><i class=\"rt-elementor-icon icon-basic-mail\" aria-hidden=\"true\"><\/i><span class=\"elementor-icon-list-text\">satis3@ketenpnomatik.com.tr<\/span><\/li>\n<\/ul>\n<\/div>\n<\/div>\n<p>&nbsp;[\/vc_column_text][\/vc_column][\/vc_row]<\/p>\n","protected":false},"excerpt":{"rendered":"<p>[vc_row][vc_column width=&#8221;1\/4&#8243;][vc_column_text text_larger=&#8221;no&#8221;] Kocaeli Merkez Adres : Osman Y\u0131lmaz Mah. Mehmet Akif Ersoy Cad. 622 Sok. No:52 Gebze \/ KOCAEL\u0130<\/p>\n","protected":false},"author":1,"featured_media":0,"parent":0,"menu_order":0,"comment_status":"closed","ping_status":"closed","template":"","meta":[],"_links":{"self":[{"href":"https:\/\/kolver-turkiye.com\/index.php?rest_route=\/wp\/v2\/pages\/2954"}],"collection":[{"href":"https:\/\/kolver-turkiye.com\/index.php?rest_route=\/wp\/v2\/pages"}],"about":[{"href":"https:\/\/kolver-turkiye.com\/index.php?rest_route=\/wp\/v2\/types\/page"}],"author":[{"embeddable":true,"href":"https:\/\/kolver-turkiye.com\/index.php?rest_route=\/wp\/v2\/users\/1"}],"replies":[{"embeddable":true,"href":"https:\/\/kolver-turkiye.com\/index.php?rest_route=%2Fwp%2Fv2%2Fcomments&post=2954"}],"version-history":[{"count":4,"href":"https:\/\/kolver-turkiye.com\/index.php?rest_route=\/wp\/v2\/pages\/2954\/revisions"}],"predecessor-version":[{"id":2983,"href":"https:\/\/kolver-turkiye.com\/index.php?rest_route=\/wp\/v2\/pages\/2954\/revisions\/2983"}],"wp:attachment":[{"href":"https:\/\/kolver-turkiye.com\/index.php?rest_route=%2Fwp%2Fv2%2Fmedia&parent=2954"}],"curies":[{"name":"wp","href":"https:\/\/api.w.org\/{rel}","templated":true}]}}